CRAN Package Check Results for Package mixSPE

Last updated on 2021-12-07 20:52:45 CET.

Flavor Version Tinstall Tcheck Ttotal Status Flags
r-devel-linux-x86_64-debian-clang 0.9.1 3.73 48.54 52.27 NOTE
r-devel-linux-x86_64-debian-gcc 0.9.1 2.93 36.57 39.50 NOTE
r-devel-linux-x86_64-fedora-clang 0.9.1 63.91 NOTE
r-devel-linux-x86_64-fedora-gcc 0.9.1 52.29 NOTE
r-devel-windows-x86_64-new-UL 0.9.1 8.00 73.00 81.00 NOTE
r-devel-windows-x86_64-new-TK 0.9.1 NOTE
r-devel-windows-x86_64-old 0.9.1 6.00 43.00 49.00 NOTE
r-patched-linux-x86_64 0.9.1 3.49 46.01 49.50 NOTE
r-release-linux-x86_64 0.9.1 3.48 45.99 49.47 NOTE
r-release-macos-arm64 0.9.1 NOTE
r-release-macos-x86_64 0.9.1 NOTE
r-release-windows-ix86+x86_64 0.9.1 5.00 63.00 68.00 NOTE
r-oldrel-macos-x86_64 0.9.1 OK
r-oldrel-windows-ix86+x86_64 0.9.1 10.00 56.00 66.00 OK

Check Details

Version: 0.9.1
Check: LazyData
Result: NOTE
     'LazyData' is specified without a 'data' directory
Flavors: r-devel-linux-x86_64-debian-clang, r-devel-linux-x86_64-debian-gcc, r-devel-linux-x86_64-fedora-clang, r-devel-linux-x86_64-fedora-gcc, r-devel-windows-x86_64-new-UL, r-devel-windows-x86_64-new-TK, r-devel-windows-x86_64-old, r-patched-linux-x86_64, r-release-linux-x86_64, r-release-macos-arm64, r-release-macos-x86_64, r-release-windows-ix86+x86_64