Last updated on 2023-05-30 06:57:35 CEST.
Flavor | Version | Tinstall | Tcheck | Ttotal | Status | Flags |
---|---|---|---|---|---|---|
r-devel-linux-x86_64-debian-clang | 1.0.3 | 129.25 | 358.20 | 487.45 | NOTE | |
r-devel-linux-x86_64-debian-gcc | 1.0.3 | 108.94 | 272.63 | 381.57 | NOTE | |
r-devel-linux-x86_64-fedora-clang | 1.0.3 | 630.73 | NOTE | |||
r-devel-linux-x86_64-fedora-gcc | 1.0.3 | 627.96 | NOTE | |||
r-devel-windows-x86_64 | 1.0.3 | 93.00 | 327.00 | 420.00 | NOTE | |
r-patched-linux-x86_64 | 1.0.3 | 99.91 | 345.03 | 444.94 | NOTE | |
r-release-linux-x86_64 | 1.0.3 | 89.23 | 351.67 | 440.90 | NOTE | |
r-release-macos-arm64 | 1.0.3 | 205.00 | NOTE | |||
r-release-macos-x86_64 | 1.0.3 | 321.00 | NOTE | |||
r-release-windows-x86_64 | 1.0.3 | 126.00 | 416.00 | 542.00 | NOTE | |
r-oldrel-macos-arm64 | 1.0.3 | 139.00 | NOTE | |||
r-oldrel-macos-x86_64 | 1.0.3 | 239.00 | NOTE | |||
r-oldrel-windows-x86_64 | 1.0.3 | 127.00 | 402.00 | 529.00 | OK |
Version: 1.0.3
Check: dependencies in R code
Result: NOTE
There are ::: calls to the package's namespace in its code. A package
almost never needs to use ::: for its own objects:
‘l1_similarity’
Flavors: r-devel-linux-x86_64-debian-clang, r-devel-linux-x86_64-debian-gcc, r-devel-linux-x86_64-fedora-clang, r-devel-linux-x86_64-fedora-gcc, r-devel-windows-x86_64, r-patched-linux-x86_64, r-release-linux-x86_64, r-release-macos-arm64, r-release-macos-x86_64, r-release-windows-x86_64
Version: 1.0.3
Check: C++ specification
Result: NOTE
Specified C++11: please drop specification unless essential
Flavors: r-devel-windows-x86_64, r-release-windows-x86_64
Version: 1.0.3
Check: installed package size
Result: NOTE
installed size is 7.1Mb
sub-directories of 1Mb or more:
libs 5.0Mb
Flavors: r-release-macos-arm64, r-release-macos-x86_64, r-oldrel-macos-arm64, r-oldrel-macos-x86_64