CRAN Package Check Results for Package missMethods

Last updated on 2021-11-26 19:52:56 CET.

Flavor Version Tinstall Tcheck Ttotal Status Flags
r-devel-linux-x86_64-debian-clang 0.2.0 3.59 55.56 59.15 NOTE
r-devel-linux-x86_64-debian-gcc 0.2.0 2.98 40.91 43.89 NOTE
r-devel-linux-x86_64-fedora-clang 0.2.0 79.44 NOTE
r-devel-linux-x86_64-fedora-gcc 0.2.0 69.24 NOTE
r-devel-windows-x86_64-new-UL 0.2.0 12.00 98.00 110.00 NOTE
r-devel-windows-x86_64-new-TK 0.2.0 NOTE
r-devel-windows-x86_64-old 0.2.0 6.00 80.00 86.00 NOTE
r-patched-linux-x86_64 0.2.0 4.11 49.91 54.02 NOTE
r-patched-solaris-x86 0.2.0 83.60 NOTE
r-release-linux-x86_64 0.2.0 NOTE
r-release-macos-arm64 0.2.0 NOTE
r-release-macos-x86_64 0.2.0 NOTE
r-release-windows-ix86+x86_64 0.2.0 8.00 50.00 58.00 NOTE
r-oldrel-macos-x86_64 0.2.0 OK
r-oldrel-windows-ix86+x86_64 0.2.0 6.00 73.00 79.00 OK

Check Details

Version: 0.2.0
Check: LazyData
Result: NOTE
     'LazyData' is specified without a 'data' directory
Flavors: r-devel-linux-x86_64-debian-clang, r-devel-linux-x86_64-debian-gcc, r-devel-linux-x86_64-fedora-clang, r-devel-linux-x86_64-fedora-gcc, r-devel-windows-x86_64-new-UL, r-devel-windows-x86_64-new-TK, r-devel-windows-x86_64-old, r-patched-linux-x86_64, r-patched-solaris-x86, r-release-linux-x86_64, r-release-macos-arm64, r-release-macos-x86_64, r-release-windows-ix86+x86_64