Last updated on 2023-09-25 01:03:40 CEST.
Flavor | Version | Tinstall | Tcheck | Ttotal | Status | Flags |
---|---|---|---|---|---|---|
r-devel-linux-x86_64-debian-clang | 0.1-5 | 12.16 | 89.94 | 102.10 | OK | |
r-devel-linux-x86_64-debian-gcc | 0.1-5 | 11.46 | 70.07 | 81.53 | OK | |
r-devel-linux-x86_64-fedora-clang | 0.1-5 | 126.61 | NOTE | |||
r-devel-linux-x86_64-fedora-gcc | 0.1-5 | 127.18 | OK | |||
r-devel-windows-x86_64 | 0.1-5 | 16.00 | 89.00 | 105.00 | NOTE | |
r-patched-linux-x86_64 | 0.1-5 | 15.01 | 87.37 | 102.38 | OK | |
r-release-linux-x86_64 | 0.1-5 | 12.40 | 89.26 | 101.66 | OK | |
r-release-macos-arm64 | 0.1-5 | 48.00 | NOTE | |||
r-release-macos-x86_64 | 0.1-5 | 69.00 | NOTE | |||
r-release-windows-x86_64 | 0.1-5 | 23.00 | 100.00 | 123.00 | NOTE | |
r-oldrel-macos-arm64 | 0.1-5 | 52.00 | NOTE | |||
r-oldrel-macos-x86_64 | 0.1-5 | 61.00 | NOTE | |||
r-oldrel-windows-x86_64 | 0.1-5 | 22.00 | 102.00 | 124.00 | NOTE |
Version: 0.1-5
Check: Rd cross-references
Result: NOTE
Undeclared packages ‘pspline’, ‘lme4’ in Rd xrefs
Flavor: r-devel-linux-x86_64-fedora-clang
Version: 0.1-5
Check: package dependencies
Result: NOTE
Package suggested but not available for checking: 'BRugs'
Flavors: r-devel-windows-x86_64, r-release-windows-x86_64, r-oldrel-windows-x86_64
Version: 0.1-5
Check: package dependencies
Result: NOTE
Packages suggested but not available for checking: 'mixAK', 'BRugs'
Flavors: r-release-macos-arm64, r-release-macos-x86_64, r-oldrel-macos-arm64, r-oldrel-macos-x86_64
Version: 0.1-5
Check: Rd cross-references
Result: NOTE
Package unavailable to check Rd xrefs: ‘mixAK’
Flavors: r-release-macos-arm64, r-oldrel-macos-arm64, r-oldrel-macos-x86_64
Version: 0.1-5
Check: Rd cross-references
Result: NOTE
Packages unavailable to check Rd xrefs: ‘lme4’, ‘mixAK’
Flavor: r-release-macos-x86_64