CRAN Package Check Results for Package miscF

Last updated on 2022-11-30 12:54:36 CET.

Flavor Version Tinstall Tcheck Ttotal Status Flags
r-devel-linux-x86_64-debian-clang 0.1-5 15.07 88.56 103.63 OK
r-devel-linux-x86_64-debian-gcc 0.1-5 10.04 68.57 78.61 OK
r-devel-linux-x86_64-fedora-clang 0.1-5 138.32 NOTE
r-devel-linux-x86_64-fedora-gcc 0.1-5 133.12 OK
r-devel-windows-x86_64 0.1-5 30.00 117.00 147.00 NOTE
r-patched-linux-x86_64 0.1-5 12.48 85.11 97.59 OK
r-release-linux-x86_64 0.1-5 13.80 85.26 99.06 OK
r-release-macos-arm64 0.1-5 52.00 NOTE
r-release-macos-x86_64 0.1-5 61.00 NOTE
r-release-windows-x86_64 0.1-5 28.00 118.00 146.00 NOTE
r-oldrel-macos-arm64 0.1-5 42.00 NOTE
r-oldrel-macos-x86_64 0.1-5 71.00 NOTE
r-oldrel-windows-ix86+x86_64 0.1-5 36.00 139.00 175.00 OK

Check Details

Version: 0.1-5
Check: Rd cross-references
Result: NOTE
    Undeclared packages ‘pspline’, ‘lme4’ in Rd xrefs
Flavor: r-devel-linux-x86_64-fedora-clang

Version: 0.1-5
Check: package dependencies
Result: NOTE
    Package suggested but not available for checking: 'BRugs'
Flavors: r-devel-windows-x86_64, r-release-windows-x86_64

Version: 0.1-5
Check: package dependencies
Result: NOTE
    Packages suggested but not available for checking: 'mixAK', 'BRugs'
Flavors: r-release-macos-arm64, r-release-macos-x86_64, r-oldrel-macos-arm64, r-oldrel-macos-x86_64

Version: 0.1-5
Check: Rd cross-references
Result: NOTE
    Package unavailable to check Rd xrefs: ‘mixAK’
Flavors: r-release-macos-arm64, r-release-macos-x86_64, r-oldrel-macos-arm64, r-oldrel-macos-x86_64