Last updated on 2023-02-03 06:50:24 CET.
Flavor | Version | Tinstall | Tcheck | Ttotal | Status | Flags |
---|---|---|---|---|---|---|
r-devel-linux-x86_64-debian-clang | 0.9-1 | 4.72 | 48.68 | 53.40 | OK | |
r-devel-linux-x86_64-debian-gcc | 0.9-1 | 3.61 | 37.88 | 41.49 | OK | |
r-devel-linux-x86_64-fedora-clang | 0.9-1 | 70.25 | NOTE | |||
r-devel-linux-x86_64-fedora-gcc | 0.9-1 | 66.95 | OK | |||
r-devel-windows-x86_64 | 0.9-1 | 24.00 | 118.00 | 142.00 | OK | |
r-patched-linux-x86_64 | 0.9-1 | 7.33 | 51.37 | 58.70 | OK | |
r-release-linux-x86_64 | 0.9-1 | 6.76 | 52.60 | 59.36 | OK | |
r-release-macos-arm64 | 0.9-1 | 50.00 | OK | |||
r-release-macos-x86_64 | 0.9-1 | 53.00 | OK | |||
r-release-windows-x86_64 | 0.9-1 | 29.00 | 99.00 | 128.00 | OK | |
r-oldrel-macos-arm64 | 0.9-1 | 48.00 | OK | |||
r-oldrel-macos-x86_64 | 0.9-1 | 48.00 | OK | |||
r-oldrel-windows-ix86+x86_64 | 0.9-1 | 10.00 | 87.00 | 97.00 | OK |
Version: 0.9-1
Check: Rd cross-references
Result: NOTE
Undeclared package ‘scatterplot3d’ in Rd xrefs
Flavor: r-devel-linux-x86_64-fedora-clang