CRAN Package Check Results for Package mirtCAT

Last updated on 2021-06-18 13:51:50 CEST.

Flavor Version Tinstall Tcheck Ttotal Status Flags
r-devel-linux-x86_64-debian-clang 1.10 48.25 101.10 149.35 NOTE
r-devel-linux-x86_64-debian-gcc 1.10 34.49 76.70 111.19 NOTE
r-devel-linux-x86_64-fedora-clang 1.10 191.37 NOTE
r-devel-linux-x86_64-fedora-gcc 1.10 176.18 NOTE
r-devel-windows-x86_64 1.10 61.00 130.00 191.00 NOTE
r-devel-windows-x86_64-gcc10-UCRT 1.10 NOTE
r-patched-linux-x86_64 1.10 45.91 95.22 141.13 NOTE
r-patched-solaris-x86 1.10 222.90 NOTE
r-release-linux-x86_64 1.10 38.68 96.13 134.81 NOTE
r-release-macos-arm64 1.10 NOTE
r-release-macos-x86_64 1.10 NOTE
r-release-windows-ix86+x86_64 1.10 115.00 167.00 282.00 NOTE
r-oldrel-macos-x86_64 1.10 OK
r-oldrel-windows-ix86+x86_64 1.10 90.00 168.00 258.00 OK

Check Details

Version: 1.10
Check: LazyData
Result: NOTE
     'LazyData' is specified without a 'data' directory
Flavors: r-devel-linux-x86_64-debian-clang, r-devel-linux-x86_64-debian-gcc, r-devel-linux-x86_64-fedora-clang, r-devel-linux-x86_64-fedora-gcc, r-devel-windows-x86_64, r-devel-windows-x86_64-gcc10-UCRT, r-patched-linux-x86_64, r-patched-solaris-x86, r-release-linux-x86_64, r-release-macos-arm64, r-release-macos-x86_64, r-release-windows-ix86+x86_64