CRAN Package Check Results for Package mirt

Last updated on 2022-01-22 14:00:15 CET.

Flavor Version Tinstall Tcheck Ttotal Status Flags
r-devel-linux-x86_64-debian-clang 1.35.1 146.81 232.33 379.14 OK
r-devel-linux-x86_64-debian-gcc 1.35.1 108.20 170.43 278.63 OK
r-devel-linux-x86_64-fedora-clang 1.35.1 492.64 NOTE
r-devel-linux-x86_64-fedora-gcc 1.35.1 459.94 OK
r-devel-windows-x86_64-new-UL 1.35.1 224.00 272.00 496.00 OK
r-devel-windows-x86_64-new-TK 1.35.1 OK
r-patched-linux-x86_64 1.35.1 125.12 225.05 350.17 OK
r-release-linux-x86_64 1.35.1 122.42 223.89 346.31 OK
r-release-macos-arm64 1.35.1 NOTE
r-release-macos-x86_64 1.35.1 NOTE
r-release-windows-ix86+x86_64 1.35.1 295.00 318.00 613.00 NOTE
r-oldrel-macos-x86_64 1.35.1 NOTE
r-oldrel-windows-ix86+x86_64 1.35.1 288.00 324.00 612.00 NOTE

Check Details

Version: 1.35.1
Check: installed package size
Result: NOTE
     installed size is 8.3Mb
     sub-directories of 1Mb or more:
     R 1.5Mb
     libs 6.2Mb
Flavors: r-devel-linux-x86_64-fedora-clang, r-release-macos-arm64, r-release-macos-x86_64, r-release-windows-ix86+x86_64, r-oldrel-macos-x86_64, r-oldrel-windows-ix86+x86_64