CRAN Package Check Results for Package miniUI

Last updated on 2024-05-24 07:00:37 CEST.

Flavor Version Tinstall Tcheck Ttotal Status Flags
r-devel-linux-x86_64-debian-clang 0.1.1.1 3.37 36.76 40.13 NOTE
r-devel-linux-x86_64-debian-gcc 0.1.1.1 3.35 28.44 31.79 NOTE
r-devel-linux-x86_64-fedora-clang 0.1.1.1 54.69 NOTE
r-devel-linux-x86_64-fedora-gcc 0.1.1.1 52.72 NOTE
r-devel-windows-x86_64 0.1.1.1 5.00 50.00 55.00 NOTE
r-patched-linux-x86_64 0.1.1.1 8.82 36.03 44.85 NOTE
r-release-linux-x86_64 0.1.1.1 4.08 36.14 40.22 NOTE
r-release-macos-arm64 0.1.1.1 20.00 NOTE
r-release-windows-x86_64 0.1.1.1 5.00 51.00 56.00 NOTE
r-oldrel-macos-arm64 0.1.1.1 22.00 NOTE
r-oldrel-macos-x86_64 0.1.1.1 28.00 NOTE
r-oldrel-windows-x86_64 0.1.1.1 6.00 54.00 60.00 NOTE

Check Details

Version: 0.1.1.1
Check: LazyData
Result: NOTE 'LazyData' is specified without a 'data' directory Flavors: r-devel-linux-x86_64-debian-clang, r-devel-linux-x86_64-debian-gcc, r-devel-linux-x86_64-fedora-clang, r-devel-linux-x86_64-fedora-gcc, r-devel-windows-x86_64, r-patched-linux-x86_64, r-release-linux-x86_64, r-release-macos-arm64, r-release-windows-x86_64, r-oldrel-macos-arm64, r-oldrel-macos-x86_64, r-oldrel-windows-x86_64