Last updated on 2023-03-24 12:50:48 CET.
Flavor | Version | Tinstall | Tcheck | Ttotal | Status | Flags |
---|---|---|---|---|---|---|
r-devel-linux-x86_64-debian-clang | 2.0.3 | 6.02 | 53.95 | 59.97 | OK | |
r-devel-linux-x86_64-debian-gcc | 2.0.3 | 4.37 | 38.88 | 43.25 | OK | |
r-devel-linux-x86_64-fedora-clang | 2.0.3 | 75.48 | NOTE | |||
r-devel-linux-x86_64-fedora-gcc | 2.0.3 | 72.97 | NOTE | |||
r-patched-linux-x86_64 | 2.0.3 | 6.92 | 50.09 | 57.01 | OK | |
r-release-linux-x86_64 | 2.0.3 | 5.19 | 47.22 | 52.41 | OK | |
r-release-macos-arm64 | 2.0.3 | 27.00 | NOTE | |||
r-release-macos-x86_64 | 2.0.3 | 33.00 | NOTE | |||
r-release-windows-x86_64 | 2.0.3 | 51.00 | 89.00 | 140.00 | OK | |
r-oldrel-macos-arm64 | 2.0.3 | 27.00 | NOTE | |||
r-oldrel-macos-x86_64 | 2.0.3 | 38.00 | NOTE | |||
r-oldrel-windows-ix86+x86_64 | 2.0.3 | 11.00 | 84.00 | 95.00 | OK |
Version: 2.0.3
Check: data for non-ASCII characters
Result: NOTE
Note: found 9 marked UTF-8 strings
Flavors: r-devel-linux-x86_64-fedora-clang, r-devel-linux-x86_64-fedora-gcc, r-release-macos-arm64, r-release-macos-x86_64, r-oldrel-macos-arm64, r-oldrel-macos-x86_64