CRAN Package Check Results for Package midasr

Last updated on 2025-01-18 12:55:53 CET.

Flavor Version Tinstall Tcheck Ttotal Status Flags
r-devel-linux-x86_64-debian-clang 0.8 38.47 182.39 220.86 NOTE
r-devel-linux-x86_64-debian-gcc 0.8 25.54 121.86 147.40 NOTE
r-devel-linux-x86_64-fedora-clang 0.8 370.06 OK
r-devel-linux-x86_64-fedora-gcc 0.8 342.80 OK
r-devel-windows-x86_64 0.8 37.00 195.00 232.00 NOTE
r-patched-linux-x86_64 0.8 45.12 169.14 214.26 OK
r-release-linux-x86_64 0.8 38.56 168.50 207.06 OK
r-release-macos-arm64 0.8 90.00 OK
r-release-macos-x86_64 0.8 136.00 OK
r-release-windows-x86_64 0.8 41.00 195.00 236.00 OK
r-oldrel-macos-arm64 0.8 97.00 OK
r-oldrel-macos-x86_64 0.8 160.00 OK
r-oldrel-windows-x86_64 0.8 47.00 241.00 288.00 OK

Check Details

Version: 0.8
Check: Rd cross-references
Result: NOTE Found the following Rd file(s) with Rd \link{} targets missing package anchors: midas_lstr_plain.Rd: optimx midas_mmm_plain.Rd: optimx midas_nlpr.Rd: optimx midas_r_plain.Rd: optimx midas_sp.Rd: optimx Please provide package anchors for all Rd \link{} targets not in the package itself and the base packages. Flavors: r-devel-linux-x86_64-debian-clang, r-devel-linux-x86_64-debian-gcc, r-devel-windows-x86_64