CRAN Package Check Results for Package microservices

Last updated on 2021-08-05 01:49:39 CEST.

Flavor Version Tinstall Tcheck Ttotal Status Flags
r-devel-linux-x86_64-debian-clang 0.1.2 2.26 28.95 31.21 OK
r-devel-linux-x86_64-debian-gcc 0.1.2 1.85 22.23 24.08 OK
r-devel-linux-x86_64-fedora-clang 0.1.2 46.56 NOTE
r-devel-linux-x86_64-fedora-gcc 0.1.2 35.38 NOTE
r-devel-windows-x86_64 0.1.2 3.00 46.00 49.00 OK
r-devel-windows-x86_64-gcc10-UCRT 0.1.2 NOTE
r-patched-linux-x86_64 0.1.2 2.52 27.53 30.05 OK
r-patched-solaris-x86 0.1.2 55.00 NOTE
r-release-linux-x86_64 0.1.2 2.28 27.56 29.84 OK
r-release-macos-arm64 0.1.2 NOTE
r-release-macos-x86_64 0.1.2 NOTE
r-release-windows-ix86+x86_64 0.1.2 5.00 49.00 54.00 OK
r-oldrel-macos-x86_64 0.1.2 NOTE
r-oldrel-windows-ix86+x86_64 0.1.2 13.00 46.00 59.00 OK

Check Details

Version: 0.1.2
Check: dependencies in R code
Result: NOTE
    Namespaces in Imports field not imported from:
     ‘config’ ‘desc’ ‘dplyr’ ‘glue’ ‘withr’
     All declared Imports should be used.
Flavors: r-devel-linux-x86_64-fedora-clang, r-devel-linux-x86_64-fedora-gcc, r-devel-windows-x86_64-gcc10-UCRT, r-patched-solaris-x86, r-release-macos-arm64, r-release-macos-x86_64, r-oldrel-macos-x86_64