CRAN Package Check Results for Package microeco

Last updated on 2021-09-25 07:49:40 CEST.

Flavor Version Tinstall Tcheck Ttotal Status Flags
r-devel-linux-x86_64-debian-clang 0.5.1 25.03 137.42 162.45 OK
r-devel-linux-x86_64-debian-gcc 0.5.1 19.62 104.82 124.44 OK
r-devel-linux-x86_64-fedora-clang 0.5.1 206.88 OK
r-devel-linux-x86_64-fedora-gcc 0.5.1 195.27 OK
r-devel-windows-x86_64 0.5.1 24.00 129.00 153.00 OK
r-devel-windows-x86_64-gcc10-UCRT 0.5.1 OK
r-patched-linux-x86_64 0.5.1 28.24 128.44 156.68 OK
r-patched-solaris-x86 0.5.1 272.30 OK
r-release-linux-x86_64 0.5.1 23.47 130.59 154.06 OK
r-release-macos-arm64 0.5.1 OK
r-release-macos-x86_64 0.5.1 NOTE
r-release-windows-ix86+x86_64 0.5.1 44.00 124.00 168.00 OK
r-oldrel-macos-x86_64 0.5.1 NOTE
r-oldrel-windows-ix86+x86_64 0.5.1 32.00 129.00 161.00 OK

Check Details

Version: 0.5.1
Check: package dependencies
Result: NOTE
    Package suggested but not available for checking: ‘ggtree’
Flavors: r-release-macos-x86_64, r-oldrel-macos-x86_64