CRAN Package Check Results for Package microeco

Last updated on 2024-06-13 00:55:22 CEST.

Flavor Version Tinstall Tcheck Ttotal Status Flags
r-devel-linux-x86_64-debian-clang 1.7.1 41.16 156.83 197.99 OK
r-devel-linux-x86_64-debian-gcc 1.7.1 0.38 1.60 1.98 ERROR
r-devel-linux-x86_64-fedora-clang 1.7.1 254.29 OK
r-devel-linux-x86_64-fedora-gcc 1.7.1 238.05 OK
r-devel-windows-x86_64 1.7.1 34.00 141.00 175.00 OK
r-patched-linux-x86_64 1.7.1 45.17 150.25 195.42 OK
r-release-linux-x86_64 1.7.1 34.52 154.89 189.41 OK
r-release-macos-arm64 1.7.1 70.00 OK
r-release-macos-x86_64 1.7.1 160.00 OK
r-release-windows-x86_64 1.7.1 36.00 135.00 171.00 OK
r-oldrel-macos-arm64 1.7.1 584.00 OK
r-oldrel-macos-x86_64 1.7.1 555.00 OK
r-oldrel-windows-x86_64 1.7.1 45.00 172.00 217.00 OK

Check Details

Version: 1.7.1
Check: package dependencies
Result: ERROR Packages required but not available: 'dplyr', 'tibble', 'ggplot2', 'reshape2', 'igraph' Packages suggested but not available for checking: 'GUniFrac', 'ggpubr', 'ggdendro', 'ggrepel', 'rgexf', 'mice', 'GGally' See section ‘The DESCRIPTION file’ in the ‘Writing R Extensions’ manual. Flavor: r-devel-linux-x86_64-debian-gcc