CRAN Package Check Results for Package microcontax

Last updated on 2022-01-18 01:52:05 CET.

Flavor Version Tinstall Tcheck Ttotal Status Flags
r-devel-linux-x86_64-debian-clang 1.2 5.08 73.87 78.95 NOTE
r-devel-linux-x86_64-debian-gcc 1.2 4.08 55.74 59.82 NOTE
r-devel-linux-x86_64-fedora-clang 1.2 96.51 NOTE
r-devel-linux-x86_64-fedora-gcc 1.2 81.02 NOTE
r-devel-windows-x86_64-new-UL 1.2 41.00 97.00 138.00 NOTE
r-devel-windows-x86_64-new-TK 1.2 NOTE
r-patched-linux-x86_64 1.2 9.82 69.27 79.09 NOTE
r-release-linux-x86_64 1.2 NOTE
r-release-macos-arm64 1.2 NOTE
r-release-macos-x86_64 1.2 NOTE
r-release-windows-ix86+x86_64 1.2 13.00 84.00 97.00 NOTE
r-oldrel-macos-x86_64 1.2 NOTE
r-oldrel-windows-ix86+x86_64 1.2 14.00 85.00 99.00 NOTE

Check Details

Version: 1.2
Check: package dependencies
Result: NOTE
    Package suggested but not available for checking: 'microcontax.data'
Flavors: r-devel-linux-x86_64-debian-clang, r-devel-linux-x86_64-debian-gcc, r-devel-linux-x86_64-fedora-clang, r-devel-linux-x86_64-fedora-gcc, r-devel-windows-x86_64-new-UL, r-devel-windows-x86_64-new-TK, r-patched-linux-x86_64, r-release-linux-x86_64, r-release-macos-arm64, r-release-macos-x86_64, r-release-windows-ix86+x86_64, r-oldrel-macos-x86_64, r-oldrel-windows-ix86+x86_64

Version: 1.2
Check: Rd cross-references
Result: NOTE
    Package unavailable to check Rd xrefs: 'microcontax.data'
Flavors: r-devel-linux-x86_64-debian-clang, r-devel-linux-x86_64-debian-gcc, r-devel-linux-x86_64-fedora-clang, r-devel-linux-x86_64-fedora-gcc, r-devel-windows-x86_64-new-UL, r-devel-windows-x86_64-new-TK, r-patched-linux-x86_64, r-release-linux-x86_64, r-release-macos-arm64, r-release-macos-x86_64, r-release-windows-ix86+x86_64, r-oldrel-macos-x86_64, r-oldrel-windows-ix86+x86_64