CRAN Package Check Results for Package microbial

Last updated on 2021-09-16 22:55:36 CEST.

Flavor Version Tinstall Tcheck Ttotal Status Flags
r-devel-linux-x86_64-debian-clang 0.0.19 58.90 542.27 601.17 OK
r-devel-linux-x86_64-debian-gcc 0.0.19 46.78 401.79 448.57 OK
r-devel-linux-x86_64-fedora-clang 0.0.19 729.44 NOTE
r-devel-linux-x86_64-fedora-gcc 0.0.19 727.19 NOTE
r-devel-windows-x86_64 0.0.19 77.00 630.00 707.00 OK
r-devel-windows-x86_64-gcc10-UCRT 0.0.19 NOTE
r-patched-linux-x86_64 0.0.19 51.30 507.39 558.69 OK
r-patched-solaris-x86 0.0.19 1017.20 NOTE
r-release-linux-x86_64 0.0.19 50.34 505.14 555.48 OK
r-release-macos-arm64 0.0.19 ERROR
r-release-macos-x86_64 0.0.19 ERROR
r-release-windows-ix86+x86_64 0.0.19 127.00 436.00 563.00 OK
r-oldrel-macos-x86_64 0.0.19 ERROR
r-oldrel-windows-ix86+x86_64 0.0.19 113.00 572.00 685.00 OK

Check Details

Version: 0.0.19
Check: package dependencies
Result: NOTE
    Imports includes 22 non-default packages.
    Importing from so many packages makes the package vulnerable to any of
    them becoming unavailable. Move as many as possible to Suggests and
    use conditionally.
Flavor: r-devel-linux-x86_64-fedora-clang

Version: 0.0.19
Check: dependencies in R code
Result: NOTE
    Namespace in Imports field not imported from: ‘testthat’
     All declared Imports should be used.
Flavors: r-devel-linux-x86_64-fedora-clang, r-devel-linux-x86_64-fedora-gcc, r-devel-windows-x86_64-gcc10-UCRT, r-patched-solaris-x86

Version: 0.0.19
Check: package dependencies
Result: ERROR
    Package required but not available: ‘dada2’
    
    See section ‘The DESCRIPTION file’ in the ‘Writing R Extensions’
    manual.
Flavor: r-release-macos-arm64

Version: 0.0.19
Check: package dependencies
Result: ERROR
    Packages required but not available: 'dada2', 'DECIPHER'
    
    See section ‘The DESCRIPTION file’ in the ‘Writing R Extensions’
    manual.
Flavors: r-release-macos-x86_64, r-oldrel-macos-x86_64