CRAN Package Check Results for Package mets

Last updated on 2022-06-29 06:53:31 CEST.

Flavor Version Tinstall Tcheck Ttotal Status Flags
r-devel-linux-x86_64-debian-clang 1.2.9 362.85 542.18 905.03 WARN
r-devel-linux-x86_64-debian-gcc 1.2.9 307.39 394.34 701.73 OK
r-devel-linux-x86_64-fedora-clang 1.2.9 1214.22 WARN
r-devel-linux-x86_64-fedora-gcc 1.2.9 1122.76 OK
r-devel-windows-x86_64 1.2.9 332.00 686.00 1018.00 NOTE
r-patched-linux-x86_64 1.2.9 315.87 514.53 830.40 OK
r-release-linux-x86_64 1.2.9 307.72 513.78 821.50 OK
r-release-macos-arm64 1.2.9 285.00 NOTE
r-release-macos-x86_64 1.2.9 390.00 NOTE
r-release-windows-x86_64 1.2.9 345.00 681.00 1026.00 NOTE
r-oldrel-macos-arm64 1.2.9 400.00 NOTE
r-oldrel-macos-x86_64 1.2.9 365.00 NOTE
r-oldrel-windows-ix86+x86_64 1.2.9 797.00 831.00 1628.00 NOTE

Additional issues

clang14

Check Details

Version: 1.2.9
Check: whether package can be installed
Result: WARN
    Found the following significant warnings:
     fastcox.cpp:778:7: warning: use of bitwise '|' with boolean operands [-Wbitwise-instead-of-logical]
     fastcox.cpp:779:7: warning: use of bitwise '|' with boolean operands [-Wbitwise-instead-of-logical]
     fastcox.cpp:803:7: warning: use of bitwise '|' with boolean operands [-Wbitwise-instead-of-logical]
     fastcox.cpp:804:7: warning: use of bitwise '|' with boolean operands [-Wbitwise-instead-of-logical]
     fastcox.cpp:1735:77: warning: use of bitwise '&' with boolean operands [-Wbitwise-instead-of-logical]
     fastcox.cpp:1735:42: warning: use of bitwise '&' with boolean operands [-Wbitwise-instead-of-logical]
Flavors: r-devel-linux-x86_64-debian-clang, r-devel-linux-x86_64-fedora-clang

Version: 1.2.9
Check: installed package size
Result: NOTE
     installed size is 25.2Mb
     sub-directories of 1Mb or more:
     R 1.5Mb
     data 2.8Mb
     doc 4.1Mb
     libs 15.9Mb
Flavors: r-devel-linux-x86_64-fedora-clang, r-devel-windows-x86_64, r-release-macos-arm64, r-release-macos-x86_64, r-release-windows-x86_64, r-oldrel-macos-arm64, r-oldrel-macos-x86_64, r-oldrel-windows-ix86+x86_64