Last updated on 2023-02-02 21:50:11 CET.
Flavor | Version | Tinstall | Tcheck | Ttotal | Status | Flags |
---|---|---|---|---|---|---|
r-devel-linux-x86_64-debian-clang | 0.9.1 | 5.56 | 48.85 | 54.41 | OK | |
r-devel-linux-x86_64-debian-gcc | 0.9.1 | 4.71 | 37.63 | 42.34 | OK | |
r-devel-linux-x86_64-fedora-clang | 0.9.1 | 68.83 | NOTE | |||
r-devel-linux-x86_64-fedora-gcc | 0.9.1 | 64.82 | NOTE | |||
r-patched-linux-x86_64 | 0.9.1 | 6.14 | 45.85 | 51.99 | OK | |
r-release-linux-x86_64 | 0.9.1 | 6.08 | 46.81 | 52.89 | OK | |
r-release-macos-arm64 | 0.9.1 | 22.00 | NOTE | |||
r-release-macos-x86_64 | 0.9.1 | 34.00 | NOTE | |||
r-release-windows-x86_64 | 0.9.1 | 24.00 | 83.00 | 107.00 | OK | |
r-oldrel-macos-arm64 | 0.9.1 | 27.00 | NOTE | |||
r-oldrel-macos-x86_64 | 0.9.1 | 1803.00 | NOTE | |||
r-oldrel-windows-ix86+x86_64 | 0.9.1 | 13.00 | 283.00 | 296.00 | OK |
Version: 0.9.1
Check: data for non-ASCII characters
Result: NOTE
Note: found 1 marked UTF-8 string
Flavors: r-devel-linux-x86_64-fedora-clang, r-devel-linux-x86_64-fedora-gcc, r-release-macos-arm64, r-release-macos-x86_64, r-oldrel-macos-arm64, r-oldrel-macos-x86_64