CRAN Package Check Results for Package meteoForecast

Last updated on 2021-06-19 01:50:25 CEST.

Flavor Version Tinstall Tcheck Ttotal Status Flags
r-devel-linux-x86_64-debian-clang 0.54 10.55 86.18 96.73 NOTE
r-devel-linux-x86_64-debian-gcc 0.54 7.79 64.59 72.38 NOTE
r-devel-linux-x86_64-fedora-clang 0.54 119.40 NOTE
r-devel-linux-x86_64-fedora-gcc 0.54 109.21 NOTE
r-devel-windows-x86_64 0.54 15.00 103.00 118.00 NOTE
r-devel-windows-x86_64-gcc10-UCRT 0.54 NOTE
r-patched-linux-x86_64 0.54 10.77 81.42 92.19 NOTE
r-patched-solaris-x86 0.54 160.20 NOTE
r-release-linux-x86_64 0.54 10.27 81.47 91.74 NOTE
r-release-macos-arm64 0.54 NOTE
r-release-macos-x86_64 0.54 NOTE
r-release-windows-ix86+x86_64 0.54 21.00 100.00 121.00 NOTE
r-oldrel-macos-x86_64 0.54 OK
r-oldrel-windows-ix86+x86_64 0.54 17.00 109.00 126.00 OK

Check Details

Version: 0.54
Check: LazyData
Result: NOTE
     'LazyData' is specified without a 'data' directory
Flavors: r-devel-linux-x86_64-debian-clang, r-devel-linux-x86_64-debian-gcc, r-devel-linux-x86_64-fedora-clang, r-devel-linux-x86_64-fedora-gcc, r-devel-windows-x86_64, r-devel-windows-x86_64-gcc10-UCRT, r-patched-linux-x86_64, r-patched-solaris-x86, r-release-linux-x86_64, r-release-macos-arm64, r-release-macos-x86_64, r-release-windows-ix86+x86_64

Version: 0.54
Check: package dependencies
Result: NOTE
    Package suggested but not available for checking: ‘rgdal’
Flavor: r-release-macos-arm64