CRAN Package Check Results for Package metamisc

Last updated on 2021-09-20 19:52:53 CEST.

Flavor Version Tinstall Tcheck Ttotal Status Flags
r-devel-linux-x86_64-debian-clang 0.2.4 18.17 144.50 162.67 OK
r-devel-linux-x86_64-debian-gcc 0.2.4 13.52 110.24 123.76 OK
r-devel-linux-x86_64-fedora-clang 0.2.5 206.08 OK
r-devel-linux-x86_64-fedora-gcc 0.2.5 100.23 OK
r-devel-windows-x86_64 0.2.4 19.00 134.00 153.00 OK
r-devel-windows-x86_64-gcc10-UCRT 0.2.4 ERROR
r-patched-linux-x86_64 0.2.4 19.84 139.33 159.17 OK
r-patched-solaris-x86 0.2.5 256.50 OK
r-release-linux-x86_64 0.2.4 17.10 138.43 155.53 OK
r-release-macos-arm64 0.2.4 NOTE
r-release-macos-x86_64 0.2.4 OK
r-release-windows-ix86+x86_64 0.2.4 36.00 119.00 155.00 OK
r-oldrel-macos-x86_64 0.2.4 OK
r-oldrel-windows-ix86+x86_64 0.2.4 36.00 127.00 163.00 OK

Check Details

Version: 0.2.4
Check: whether package can be installed
Result: WARN
    Found the following significant warnings:
     WARNING: installation-time patches will not be applied, could not get the patches index
Flavor: r-devel-windows-x86_64-gcc10-UCRT

Version: 0.2.4
Check: PDF version of manual
Result: WARN
    LaTeX errors when creating PDF version.
    This typically indicates Rd problems.
Flavor: r-devel-windows-x86_64-gcc10-UCRT

Version: 0.2.4
Check: PDF version of manual without hyperrefs or index
Result: ERROR
    Re-running with no redirection of stdout/stderr.
Flavor: r-devel-windows-x86_64-gcc10-UCRT

Version: 0.2.4
Check: package dependencies
Result: NOTE
    Packages suggested but not available for checking: 'runjags', 'rjags'
Flavor: r-release-macos-arm64