CRAN Package Check Results for Package metamicrobiomeR

Last updated on 2022-09-29 12:55:31 CEST.

Flavor Version Tinstall Tcheck Ttotal Status Flags
r-devel-linux-x86_64-debian-clang 1.2 15.72 209.54 225.26 OK
r-devel-linux-x86_64-debian-gcc 1.2 12.89 151.77 164.66 OK
r-devel-linux-x86_64-fedora-clang 1.2 279.55 NOTE
r-devel-linux-x86_64-fedora-gcc 1.2 265.46 NOTE
r-devel-windows-x86_64 1.2 46.00 233.00 279.00 OK
r-patched-linux-x86_64 1.2 15.23 194.12 209.35 OK
r-release-linux-x86_64 1.2 13.72 197.20 210.92 OK
r-release-macos-arm64 1.2 72.00 NOTE
r-release-macos-x86_64 1.2 120.00 NOTE
r-release-windows-x86_64 1.2 65.00 226.00 291.00 OK
r-oldrel-macos-arm64 1.2 94.00 NOTE
r-oldrel-macos-x86_64 1.2 137.00 NOTE
r-oldrel-windows-ix86+x86_64 1.2 35.00 226.00 261.00 OK

Check Details

Version: 1.2
Check: dependencies in R code
Result: NOTE
    Namespace in Imports field not imported from: ‘lmerTest’
     All declared Imports should be used.
Flavors: r-devel-linux-x86_64-fedora-clang, r-devel-linux-x86_64-fedora-gcc, r-release-macos-arm64, r-release-macos-x86_64, r-oldrel-macos-arm64, r-oldrel-macos-x86_64