CRAN Package Check Results for Package metamer

Last updated on 2021-06-21 13:52:14 CEST.

Flavor Version Tinstall Tcheck Ttotal Status Flags
r-devel-linux-x86_64-debian-clang 0.2.0 2.67 36.10 38.77 NOTE
r-devel-linux-x86_64-debian-gcc 0.2.0 2.01 27.63 29.64 NOTE
r-devel-linux-x86_64-fedora-clang 0.2.0 54.84 NOTE
r-devel-linux-x86_64-fedora-gcc 0.2.0 45.70 NOTE
r-devel-windows-x86_64 0.2.0 5.00 42.00 47.00 NOTE
r-devel-windows-x86_64-gcc10-UCRT 0.2.0 NOTE
r-patched-linux-x86_64 0.2.0 2.87 34.96 37.83 NOTE
r-patched-solaris-x86 0.2.0 67.70 NOTE
r-release-linux-x86_64 0.2.0 2.43 34.33 36.76 NOTE
r-release-macos-arm64 0.2.0 NOTE
r-release-macos-x86_64 0.2.0 NOTE
r-release-windows-ix86+x86_64 0.2.0 6.00 53.00 59.00 NOTE
r-oldrel-macos-x86_64 0.2.0 OK

Check Details

Version: 0.2.0
Check: LazyData
Result: NOTE
     'LazyData' is specified without a 'data' directory
Flavors: r-devel-linux-x86_64-debian-clang, r-devel-linux-x86_64-debian-gcc, r-devel-linux-x86_64-fedora-clang, r-devel-linux-x86_64-fedora-gcc, r-devel-windows-x86_64, r-devel-windows-x86_64-gcc10-UCRT, r-patched-linux-x86_64, r-patched-solaris-x86, r-release-linux-x86_64, r-release-macos-arm64, r-release-macos-x86_64, r-release-windows-ix86+x86_64

Version: 0.2.0
Check: package dependencies
Result: NOTE
    Package suggested but not available for checking: 'covr'
Flavor: r-devel-windows-x86_64-gcc10-UCRT