CRAN Package Check Results for Package metamer

Last updated on 2024-06-17 11:57:32 CEST.

Flavor Version Tinstall Tcheck Ttotal Status Flags
r-devel-linux-x86_64-debian-clang 0.3.0 2.77 39.85 42.62 OK
r-devel-linux-x86_64-debian-gcc 0.3.0 2.97 30.17 33.14 OK
r-devel-linux-x86_64-fedora-clang 0.3.0 52.72 NOTE
r-devel-linux-x86_64-fedora-gcc 0.3.0 53.54 NOTE
r-devel-windows-x86_64 0.3.0 5.00 51.00 56.00 OK
r-patched-linux-x86_64 0.3.0 4.67 39.50 44.17 OK
r-release-linux-x86_64 0.3.0 3.82 38.18 42.00 OK
r-release-macos-arm64 0.3.0 22.00 OK
r-release-macos-x86_64 0.3.0 31.00 OK
r-release-windows-x86_64 0.3.0 4.00 54.00 58.00 OK
r-oldrel-macos-arm64 0.3.0 24.00 OK
r-oldrel-macos-x86_64 0.3.0 32.00 OK
r-oldrel-windows-x86_64 0.3.0 5.00 58.00 63.00 OK

Check Details

Version: 0.3.0
Check: dependencies in R code
Result: NOTE Namespace in Imports field not imported from: ‘progress’ All declared Imports should be used. Flavors: r-devel-linux-x86_64-fedora-clang, r-devel-linux-x86_64-fedora-gcc