Last updated on 2022-07-02 12:53:07 CEST.
Flavor | Version | Tinstall | Tcheck | Ttotal | Status | Flags |
---|---|---|---|---|---|---|
r-devel-linux-x86_64-debian-clang | 1.2-0 | 5.30 | 49.07 | 54.37 | OK | |
r-devel-linux-x86_64-debian-gcc | 1.2-0 | 3.64 | 37.89 | 41.53 | OK | |
r-devel-linux-x86_64-fedora-clang | 1.2-0 | 73.60 | OK | |||
r-devel-linux-x86_64-fedora-gcc | 1.2-0 | 72.03 | OK | |||
r-devel-windows-x86_64 | 1.2-0 | 78.00 | 94.00 | 172.00 | OK | |
r-patched-linux-x86_64 | 1.2-0 | 7.28 | 43.73 | 51.01 | OK | |
r-release-linux-x86_64 | 1.2-0 | 4.17 | 43.88 | 48.05 | OK | |
r-release-macos-arm64 | 1.2-0 | 22.00 | OK | |||
r-release-macos-x86_64 | 1.2-0 | 42.00 | OK | |||
r-release-windows-x86_64 | 1.2-0 | 83.00 | 82.00 | 165.00 | OK | |
r-oldrel-macos-arm64 | 1.2-0 | 20.00 | OK | |||
r-oldrel-macos-x86_64 | 1.2-0 | 34.00 | OK | |||
r-oldrel-windows-ix86+x86_64 | 1.2-0 | 10.00 | 81.00 | 91.00 | ERROR |
Version: 1.2-0
Check: PDF version of manual
Result: WARN
LaTeX errors when creating PDF version.
This typically indicates Rd problems.
LaTeX errors found:
! Package inputenc Error: Unicode char รข<c2><80><c2><90> (U+2010)
(inputenc) not set up for use with LaTeX.
See the inputenc package documentation for explanation.
Type H <return> for immediate help.
Flavor: r-oldrel-windows-ix86+x86_64
Version: 1.2-0
Check: PDF version of manual without hyperrefs or index
Result: ERROR
Flavor: r-oldrel-windows-ix86+x86_64