CRAN Package Check Results for Package metabolomicsR

Last updated on 2022-10-05 06:51:26 CEST.

Flavor Version Tinstall Tcheck Ttotal Status Flags
r-devel-linux-x86_64-debian-clang 1.0.0 10.77 105.07 115.84 NOTE
r-devel-linux-x86_64-debian-gcc 1.0.0 8.67 76.37 85.04 NOTE
r-devel-linux-x86_64-fedora-clang 1.0.0 148.01 NOTE
r-devel-linux-x86_64-fedora-gcc 1.0.0 139.68 NOTE
r-devel-windows-x86_64 1.0.0 16.00 132.00 148.00 NOTE
r-patched-linux-x86_64 1.0.0 10.94 95.36 106.30 NOTE
r-release-linux-x86_64 1.0.0 9.60 94.75 104.35 NOTE
r-release-macos-arm64 1.0.0 41.00 NOTE
r-release-macos-x86_64 1.0.0 61.00 NOTE
r-release-windows-x86_64 1.0.0 101.00 134.00 235.00 NOTE
r-oldrel-macos-arm64 1.0.0 41.00 NOTE
r-oldrel-macos-x86_64 1.0.0 56.00 NOTE
r-oldrel-windows-ix86+x86_64 1.0.0 24.00 127.00 151.00 NOTE

Check Details

Version: 1.0.0
Check: package dependencies
Result: NOTE
    Package suggested but not available for checking: 'genuMet'
Flavors: r-devel-linux-x86_64-debian-clang, r-devel-linux-x86_64-debian-gcc, r-devel-linux-x86_64-fedora-clang, r-devel-linux-x86_64-fedora-gcc, r-devel-windows-x86_64, r-patched-linux-x86_64, r-release-linux-x86_64, r-release-macos-arm64, r-release-macos-x86_64, r-release-windows-x86_64, r-oldrel-macos-arm64, r-oldrel-macos-x86_64, r-oldrel-windows-ix86+x86_64