Last updated on 2023-02-03 12:56:05 CET.
Flavor | Version | Tinstall | Tcheck | Ttotal | Status | Flags |
---|---|---|---|---|---|---|
r-devel-linux-x86_64-debian-clang | 0.1.1 | 6.65 | 47.04 | 53.69 | OK | |
r-devel-linux-x86_64-debian-gcc | 0.1.1 | 4.17 | 34.60 | 38.77 | OK | |
r-devel-linux-x86_64-fedora-clang | 0.1.1 | 66.01 | NOTE | |||
r-devel-linux-x86_64-fedora-gcc | 0.1.1 | 63.76 | NOTE | |||
r-devel-windows-x86_64 | 0.1.1 | 22.00 | 87.00 | 109.00 | OK | |
r-patched-linux-x86_64 | 0.1.1 | 6.33 | 42.69 | 49.02 | OK | |
r-release-linux-x86_64 | 0.1.1 | 5.70 | 44.58 | 50.28 | OK | |
r-release-macos-arm64 | 0.1.1 | 23.00 | NOTE | |||
r-release-macos-x86_64 | 0.1.1 | 33.00 | NOTE | |||
r-release-windows-x86_64 | 0.1.1 | 21.00 | 76.00 | 97.00 | OK | |
r-oldrel-macos-arm64 | 0.1.1 | 23.00 | NOTE | |||
r-oldrel-macos-x86_64 | 0.1.1 | 37.00 | NOTE | |||
r-oldrel-windows-ix86+x86_64 | 0.1.1 | 13.00 | 69.00 | 82.00 | OK |
Version: 0.1.1
Check: data for non-ASCII characters
Result: NOTE
Note: found 37 marked UTF-8 strings
Flavors: r-devel-linux-x86_64-fedora-clang, r-devel-linux-x86_64-fedora-gcc, r-release-macos-arm64, r-release-macos-x86_64, r-oldrel-macos-arm64, r-oldrel-macos-x86_64