CRAN Package Check Results for Package metaMix

Last updated on 2022-09-30 12:55:13 CEST.

Flavor Version Tinstall Tcheck Ttotal Status Flags
r-devel-linux-x86_64-debian-clang 0.3 16.79 146.82 163.61 OK
r-devel-linux-x86_64-debian-gcc 0.3 13.18 112.21 125.39 OK
r-devel-linux-x86_64-fedora-clang 0.3 220.20 OK
r-devel-linux-x86_64-fedora-gcc 0.3 210.42 OK
r-devel-windows-x86_64 0.3 31.00 179.00 210.00 OK
r-patched-linux-x86_64 0.3 14.73 137.67 152.40 OK
r-release-linux-x86_64 0.3 15.96 139.67 155.63 OK
r-release-macos-arm64 0.3 8.00 ERROR
r-release-macos-x86_64 0.3 7.00 ERROR
r-release-windows-x86_64 0.3 27.00 312.00 339.00 OK
r-oldrel-macos-arm64 0.3 11.00 ERROR
r-oldrel-macos-x86_64 0.3 11.00 ERROR
r-oldrel-windows-ix86+x86_64 0.3 37.00 200.00 237.00 OK

Check Details

Version: 0.3
Check: package dependencies
Result: ERROR
    Package required but not available: ‘Rmpi’
    
    See section ‘The DESCRIPTION file’ in the ‘Writing R Extensions’
    manual.
Flavors: r-release-macos-arm64, r-release-macos-x86_64, r-oldrel-macos-arm64, r-oldrel-macos-x86_64