CRAN Package Check Results for Package metaBLUE

Last updated on 2021-09-19 13:49:18 CEST.

Flavor Version Tinstall Tcheck Ttotal Status Flags
r-devel-linux-x86_64-debian-clang 1.0.0 6.36 57.67 64.03 NOTE
r-devel-linux-x86_64-debian-gcc 1.0.0 6.07 45.07 51.14 NOTE
r-devel-linux-x86_64-fedora-clang 1.0.0 86.68 NOTE
r-devel-linux-x86_64-fedora-gcc 1.0.0 77.54 NOTE
r-devel-windows-x86_64 1.0.0 9.00 80.00 89.00 NOTE
r-devel-windows-x86_64-gcc10-UCRT 1.0.0 ERROR
r-patched-linux-x86_64 1.0.0 7.07 55.63 62.70 NOTE
r-patched-solaris-x86 1.0.0 117.20 NOTE
r-release-linux-x86_64 1.0.0 7.28 55.64 62.92 NOTE
r-release-macos-arm64 1.0.0 NOTE
r-release-macos-x86_64 1.0.0 NOTE
r-release-windows-ix86+x86_64 1.0.0 15.00 59.00 74.00 NOTE
r-oldrel-macos-x86_64 1.0.0 OK
r-oldrel-windows-ix86+x86_64 1.0.0 15.00 58.00 73.00 OK

Check Details

Version: 1.0.0
Check: LazyData
Result: NOTE
     'LazyData' is specified without a 'data' directory
Flavors: r-devel-linux-x86_64-debian-clang, r-devel-linux-x86_64-debian-gcc, r-devel-linux-x86_64-fedora-clang, r-devel-linux-x86_64-fedora-gcc, r-devel-windows-x86_64, r-devel-windows-x86_64-gcc10-UCRT, r-patched-linux-x86_64, r-patched-solaris-x86, r-release-linux-x86_64, r-release-macos-arm64, r-release-macos-x86_64, r-release-windows-ix86+x86_64

Version: 1.0.0
Check: whether package can be installed
Result: WARN
    Found the following significant warnings:
     WARNING: installation-time patches will not be applied, could not get the patches index
Flavor: r-devel-windows-x86_64-gcc10-UCRT

Version: 1.0.0
Check: PDF version of manual
Result: WARN
    LaTeX errors when creating PDF version.
    This typically indicates Rd problems.
Flavor: r-devel-windows-x86_64-gcc10-UCRT

Version: 1.0.0
Check: PDF version of manual without hyperrefs or index
Result: ERROR
    Re-running with no redirection of stdout/stderr.
Flavor: r-devel-windows-x86_64-gcc10-UCRT