CRAN Package Check Results for Package meta4diag

Last updated on 2021-06-15 01:50:29 CEST.

Flavor Version Tinstall Tcheck Ttotal Status Flags
r-devel-linux-x86_64-debian-clang 2.0.8 14.98 83.79 98.77 NOTE
r-devel-linux-x86_64-debian-gcc 2.0.8 11.43 62.82 74.25 NOTE
r-devel-linux-x86_64-fedora-clang 2.0.8 125.10 OK
r-devel-linux-x86_64-fedora-gcc 2.0.8 116.70 OK
r-devel-windows-x86_64 2.0.8 22.00 105.00 127.00 OK
r-devel-windows-x86_64-gcc10-UCRT 2.0.8 NOTE
r-patched-linux-x86_64 2.0.8 12.96 82.35 95.31 NOTE
r-patched-solaris-x86 2.0.8 150.60 NOTE
r-release-linux-x86_64 2.0.8 13.08 83.04 96.12 NOTE
r-release-macos-arm64 2.0.8 NOTE
r-release-macos-x86_64 2.0.8 NOTE
r-release-windows-ix86+x86_64 2.0.8 21.00 99.00 120.00 OK
r-oldrel-macos-x86_64 2.0.8 NOTE
r-oldrel-windows-ix86+x86_64 2.0.8 29.00 104.00 133.00 OK

Check Details

Version: 2.0.8
Check: package dependencies
Result: NOTE
    Package suggested but not available for checking: 'INLA'
Flavors: r-devel-linux-x86_64-debian-clang, r-devel-linux-x86_64-debian-gcc, r-devel-windows-x86_64-gcc10-UCRT, r-patched-linux-x86_64, r-patched-solaris-x86, r-release-linux-x86_64, r-release-macos-arm64, r-release-macos-x86_64, r-oldrel-macos-x86_64