CRAN Package Check Results for Package metR

Last updated on 2021-06-22 07:49:33 CEST.

Flavor Version Tinstall Tcheck Ttotal Status Flags
r-devel-linux-x86_64-debian-clang 0.9.2 18.89 352.18 371.07 OK
r-devel-linux-x86_64-debian-gcc 0.9.2 14.25 250.67 264.92 OK
r-devel-linux-x86_64-fedora-clang 0.9.2 391.59 NOTE
r-devel-linux-x86_64-fedora-gcc 0.9.2 376.69 NOTE
r-devel-windows-x86_64 0.9.2 27.00 315.00 342.00 OK
r-devel-windows-x86_64-gcc10-UCRT 0.9.2 NOTE
r-patched-linux-x86_64 0.9.2 23.37 298.20 321.57 OK
r-patched-solaris-x86 0.9.2 494.30 NOTE
r-release-linux-x86_64 0.9.2 15.96 301.78 317.74 OK
r-release-macos-arm64 0.9.2 ERROR
r-release-macos-x86_64 0.9.2 NOTE
r-release-windows-ix86+x86_64 0.9.2 33.00 395.00 428.00 OK
r-oldrel-macos-x86_64 0.9.2 NOTE

Additional issues

M1mac noLD

Check Details

Version: 0.9.2
Check: dependencies in R code
Result: NOTE
    Namespace in Imports field not imported from: ‘memoise’
     All declared Imports should be used.
Flavors: r-devel-linux-x86_64-fedora-clang, r-devel-linux-x86_64-fedora-gcc, r-devel-windows-x86_64-gcc10-UCRT, r-patched-solaris-x86, r-release-macos-arm64, r-release-macos-x86_64, r-oldrel-macos-x86_64

Version: 0.9.2
Check: package dependencies
Result: NOTE
    Packages suggested but not available for checking: 'covr', 'pkgdown'
Flavor: r-devel-windows-x86_64-gcc10-UCRT

Version: 0.9.2
Check: package dependencies
Result: NOTE
    Package suggested but not available for checking: ‘udunits2’
Flavors: r-release-macos-arm64, r-release-macos-x86_64

Version: 0.9.2
Check: tests
Result: ERROR
     Running ‘testthat.R’ [22s/28s]
    Running the tests in ‘tests/testthat.R’ failed.
    Last 13 lines of output:
     > library(metR)
     > # library(vdiffr)
     >
     > test_check("metR")
     ══ Skipped tests ═══════════════════════════════════════════════════════════════
     • On CRAN (5)
     • Skipping on CRAN (53)
    
     ══ Failed tests ════════════════════════════════════════════════════════════════
     ── Failure (???): df was read correctly ────────────────────────────────────────
     Value hashes to cf6967a47f, not 7a56064fc1
    
     [ FAIL 1 | WARN 0 | SKIP 58 | PASS 169 ]
     Error: Test failures
     Execution halted
Flavor: r-release-macos-arm64