CRAN Package Check Results for Package memoria

Last updated on 2022-10-07 21:51:11 CEST.

Flavor Version Tinstall Tcheck Ttotal Status Flags
r-devel-linux-x86_64-debian-clang 1.0.0 19.84 148.13 167.97 NOTE
r-devel-linux-x86_64-debian-gcc 1.0.0 13.45 111.53 124.98 NOTE
r-devel-linux-x86_64-fedora-clang 1.0.0 216.89 NOTE
r-devel-linux-x86_64-fedora-gcc 1.0.0 220.35 NOTE
r-devel-windows-x86_64 1.0.0 30.00 172.00 202.00 NOTE
r-patched-linux-x86_64 1.0.0 19.44 140.22 159.66 OK
r-release-linux-x86_64 1.0.0 10.91 138.14 149.05 OK
r-release-macos-arm64 1.0.0 50.00 OK
r-release-macos-x86_64 1.0.0 92.00 OK
r-release-windows-x86_64 1.0.0 29.00 167.00 196.00 OK
r-oldrel-macos-arm64 1.0.0 58.00 OK
r-oldrel-macos-x86_64 1.0.0 103.00 OK
r-oldrel-windows-ix86+x86_64 1.0.0 39.00 160.00 199.00 OK

Check Details

Version: 1.0.0
Check: package subdirectories
Result: NOTE
    Problems with news in 'NEWS.md':
    No news entries found.
Flavors: r-devel-linux-x86_64-debian-clang, r-devel-linux-x86_64-debian-gcc, r-devel-linux-x86_64-fedora-clang, r-devel-linux-x86_64-fedora-gcc, r-devel-windows-x86_64