Last updated on 2023-10-03 19:05:58 CEST.
Flavor | Version | Tinstall | Tcheck | Ttotal | Status | Flags |
---|---|---|---|---|---|---|
r-devel-linux-x86_64-debian-clang | 1.0.0 | 19.52 | 153.03 | 172.55 | NOTE | |
r-devel-linux-x86_64-debian-gcc | 1.0.0 | 15.92 | 112.80 | 128.72 | NOTE | |
r-devel-linux-x86_64-fedora-clang | 1.0.0 | 208.97 | NOTE | |||
r-devel-linux-x86_64-fedora-gcc | 1.0.0 | 216.00 | NOTE | |||
r-devel-windows-x86_64 | 1.0.0 | 16.00 | 119.00 | 135.00 | NOTE | |
r-patched-linux-x86_64 | 1.0.0 | 12.21 | 143.41 | 155.62 | NOTE | |
r-release-linux-x86_64 | 1.0.0 | 16.27 | 144.12 | 160.39 | NOTE | |
r-release-macos-arm64 | 1.0.0 | 72.00 | NOTE | |||
r-release-macos-x86_64 | 1.0.0 | 110.00 | NOTE | |||
r-release-windows-x86_64 | 1.0.0 | 23.00 | 148.00 | 171.00 | NOTE | |
r-oldrel-macos-arm64 | 1.0.0 | 50.00 | OK | |||
r-oldrel-macos-x86_64 | 1.0.0 | 92.00 | OK | |||
r-oldrel-windows-x86_64 | 1.0.0 | 23.00 | 145.00 | 168.00 | OK |
Version: 1.0.0
Check: package subdirectories
Result: NOTE
Problems with news in ‘NEWS.md’:
No news entries found.
Flavors: r-devel-linux-x86_64-debian-clang, r-devel-linux-x86_64-debian-gcc, r-devel-linux-x86_64-fedora-clang, r-devel-linux-x86_64-fedora-gcc, r-devel-windows-x86_64, r-patched-linux-x86_64, r-release-linux-x86_64, r-release-macos-arm64, r-release-macos-x86_64, r-release-windows-x86_64