CRAN Package Check Results for Package memochange

Last updated on 2024-06-13 00:55:22 CEST.

Flavor Version Tinstall Tcheck Ttotal Status Flags
r-devel-linux-x86_64-debian-clang 1.1.1 6.88 142.53 149.41 NOTE
r-devel-linux-x86_64-debian-gcc 1.1.1 0.42 1.87 2.29 ERROR
r-devel-linux-x86_64-fedora-clang 1.1.1 182.92 NOTE
r-devel-linux-x86_64-fedora-gcc 1.1.1 188.34 NOTE
r-devel-windows-x86_64 1.1.1 6.00 122.00 128.00 NOTE
r-patched-linux-x86_64 1.1.1 5.55 136.43 141.98 NOTE
r-release-linux-x86_64 1.1.1 4.53 137.76 142.29 NOTE
r-release-macos-arm64 1.1.1 63.00 NOTE
r-release-macos-x86_64 1.1.1 117.00 NOTE
r-release-windows-x86_64 1.1.1 7.00 125.00 132.00 NOTE
r-oldrel-macos-arm64 1.1.1 59.00 NOTE
r-oldrel-macos-x86_64 1.1.1 95.00 NOTE
r-oldrel-windows-x86_64 1.1.1 8.00 142.00 150.00 NOTE

Check Details

Version: 1.1.1
Check: LazyData
Result: NOTE 'LazyData' is specified without a 'data' directory Flavors: r-devel-linux-x86_64-debian-clang, r-devel-linux-x86_64-fedora-clang, r-devel-linux-x86_64-fedora-gcc, r-devel-windows-x86_64, r-patched-linux-x86_64, r-release-linux-x86_64, r-release-macos-arm64, r-release-macos-x86_64, r-release-windows-x86_64, r-oldrel-macos-arm64, r-oldrel-macos-x86_64, r-oldrel-windows-x86_64

Version: 1.1.1
Check: package dependencies
Result: ERROR Package required but not available: ‘forecast’ Package suggested but not available for checking: ‘testthat’ See section ‘The DESCRIPTION file’ in the ‘Writing R Extensions’ manual. Flavor: r-devel-linux-x86_64-debian-gcc

Version: 1.1.1
Check: dependencies in R code
Result: NOTE Namespace in Imports field not imported from: ‘urca’ All declared Imports should be used. Flavors: r-devel-linux-x86_64-fedora-clang, r-devel-linux-x86_64-fedora-gcc