Last updated on 2023-02-05 00:55:27 CET.
Flavor | Version | Tinstall | Tcheck | Ttotal | Status | Flags |
---|---|---|---|---|---|---|
r-devel-linux-x86_64-debian-clang | 1.9.0 | 391.07 | 329.57 | 720.64 | NOTE | |
r-devel-linux-x86_64-debian-gcc | 1.9.0 | 309.31 | 246.62 | 555.93 | NOTE | |
r-devel-linux-x86_64-fedora-clang | 1.9.0 | 936.68 | NOTE | |||
r-devel-linux-x86_64-fedora-gcc | 1.9.0 | 939.40 | NOTE | |||
r-devel-windows-x86_64 | 1.9.0 | 303.00 | 439.00 | 742.00 | NOTE | |
r-patched-linux-x86_64 | 1.9.0 | 332.13 | 329.26 | 661.39 | OK | |
r-release-linux-x86_64 | 1.9.0 | 334.62 | 333.34 | 667.96 | OK | |
r-release-macos-arm64 | 1.9.0 | 279.00 | NOTE | |||
r-release-macos-x86_64 | 1.9.0 | 332.00 | NOTE | |||
r-release-windows-x86_64 | 1.9.0 | 295.00 | 454.00 | 749.00 | OK | |
r-oldrel-macos-arm64 | 1.9.0 | 290.00 | NOTE | |||
r-oldrel-macos-x86_64 | 1.9.0 | 337.00 | NOTE | |||
r-oldrel-windows-ix86+x86_64 | 1.9.0 | 836.00 | 594.00 | 1430.00 | NOTE |
Version: 1.9.0
Check: C++ specification
Result: NOTE
Specified C++14: please update to current default of C++17
Flavors: r-devel-linux-x86_64-debian-clang, r-devel-linux-x86_64-debian-gcc, r-devel-linux-x86_64-fedora-clang, r-devel-linux-x86_64-fedora-gcc, r-devel-windows-x86_64
Version: 1.9.0
Check: installed package size
Result: NOTE
installed size is 123.7Mb
sub-directories of 1Mb or more:
libs 122.4Mb
Flavors: r-release-macos-arm64, r-release-macos-x86_64, r-oldrel-macos-arm64, r-oldrel-macos-x86_64, r-oldrel-windows-ix86+x86_64