CRAN Package Check Results for Package medfate

Last updated on 2024-02-28 21:49:51 CET.

Flavor Version Tinstall Tcheck Ttotal Status Flags
r-devel-linux-x86_64-debian-clang 3.2.0 535.20 292.22 827.42 OK
r-devel-linux-x86_64-debian-gcc 3.2.0 416.20 211.67 627.87 OK
r-devel-linux-x86_64-fedora-clang 3.2.0 970.35 NOTE
r-devel-linux-x86_64-fedora-gcc 3.2.0 1114.36 OK
r-devel-windows-x86_64 3.2.0 331.00 260.00 591.00 OK
r-patched-linux-x86_64 3.2.0 379.71 275.39 655.10 OK
r-release-linux-x86_64 3.2.0 358.76 279.48 638.24 OK
r-release-macos-arm64 3.2.0 202.00 NOTE
r-release-macos-x86_64 3.2.0 332.00 NOTE
r-release-windows-x86_64 3.2.0 440.00 345.00 785.00 OK
r-oldrel-macos-arm64 3.2.0 196.00 NOTE
r-oldrel-windows-x86_64 3.2.0 359.00 307.00 666.00 OK

Check Details

Version: 3.2.0
Check: installed package size
Result: NOTE installed size is 5.2Mb sub-directories of 1Mb or more: libs 4.0Mb Flavors: r-devel-linux-x86_64-fedora-clang, r-release-macos-arm64, r-release-macos-x86_64, r-oldrel-macos-arm64