CRAN Package Check Results for Package measr

Last updated on 2024-02-24 12:49:22 CET.

Flavor Version Tinstall Tcheck Ttotal Status Flags
r-devel-linux-x86_64-debian-clang 1.0.0 507.43 647.71 1155.14 NOTE
r-devel-linux-x86_64-debian-gcc 1.0.0 465.25 586.15 1051.40 NOTE
r-devel-linux-x86_64-fedora-clang 1.0.0 1392.13 NOTE
r-devel-linux-x86_64-fedora-gcc 1.0.0 1823.69 NOTE
r-devel-windows-x86_64 1.0.0 377.00 487.00 864.00 NOTE
r-patched-linux-x86_64 1.0.0 434.40 767.38 1201.78 NOTE
r-release-linux-x86_64 1.0.0 410.63 760.75 1171.38 NOTE
r-release-macos-arm64 1.0.0 352.00 NOTE
r-release-macos-x86_64 1.0.0 579.00 NOTE
r-release-windows-x86_64 1.0.0 482.00 682.00 1164.00 NOTE
r-oldrel-macos-arm64 1.0.0 345.00 NOTE
r-oldrel-windows-x86_64 1.0.0 462.00 661.00 1123.00 NOTE

Check Details

Version: 1.0.0
Check: package dependencies
Result: NOTE Package suggested but not available for checking: ‘cmdstanr’ Flavors: r-devel-linux-x86_64-debian-clang, r-devel-linux-x86_64-debian-gcc, r-devel-linux-x86_64-fedora-clang, r-devel-linux-x86_64-fedora-gcc, r-devel-windows-x86_64, r-patched-linux-x86_64, r-release-linux-x86_64, r-release-macos-arm64, r-release-macos-x86_64, r-release-windows-x86_64, r-oldrel-macos-arm64, r-oldrel-windows-x86_64

Version: 1.0.0
Check: for GNU extensions in Makefiles
Result: NOTE GNU make is a SystemRequirements. Flavors: r-devel-linux-x86_64-debian-clang, r-devel-linux-x86_64-debian-gcc, r-devel-linux-x86_64-fedora-clang, r-devel-linux-x86_64-fedora-gcc, r-devel-windows-x86_64, r-patched-linux-x86_64, r-release-linux-x86_64, r-release-macos-arm64, r-release-macos-x86_64, r-release-windows-x86_64, r-oldrel-macos-arm64, r-oldrel-windows-x86_64

Version: 1.0.0
Check: installed package size
Result: NOTE installed size is 6.4Mb sub-directories of 1Mb or more: libs 4.9Mb Flavors: r-devel-linux-x86_64-fedora-clang, r-devel-windows-x86_64, r-release-macos-arm64, r-release-macos-x86_64, r-release-windows-x86_64, r-oldrel-macos-arm64, r-oldrel-windows-x86_64

Version: 1.0.0
Check: dependencies in R code
Result: NOTE Namespaces in Imports field not imported from: ‘RcppParallel’ ‘rstantools’ All declared Imports should be used. Flavors: r-devel-linux-x86_64-fedora-clang, r-devel-linux-x86_64-fedora-gcc