CRAN Package Check Results for Package mdsr

Last updated on 2021-08-03 13:53:18 CEST.

Flavor Version Tinstall Tcheck Ttotal Status Flags
r-devel-linux-x86_64-debian-clang 0.2.5 40.29 84.60 124.89 OK
r-devel-linux-x86_64-debian-gcc 0.2.5 37.43 66.58 104.01 OK
r-devel-linux-x86_64-fedora-clang 0.2.5 166.09 NOTE
r-devel-linux-x86_64-fedora-gcc 0.2.5 153.96 NOTE
r-devel-windows-x86_64 0.2.5 55.00 115.00 170.00 OK
r-devel-windows-x86_64-gcc10-UCRT 0.2.5 WARN
r-patched-linux-x86_64 0.2.5 42.91 79.13 122.04 OK
r-patched-solaris-x86 0.2.5 309.30 NOTE
r-release-linux-x86_64 0.2.5 35.18 80.08 115.26 OK
r-release-macos-arm64 0.2.5 NOTE
r-release-macos-x86_64 0.2.5 NOTE
r-release-windows-ix86+x86_64 0.2.5 63.00 129.00 192.00 OK
r-oldrel-macos-x86_64 0.2.5 NOTE
r-oldrel-windows-ix86+x86_64 0.2.5 45.00 125.00 170.00 OK

Check Details

Version: 0.2.5
Check: data for non-ASCII characters
Result: NOTE
     Note: found 2866 marked UTF-8 strings
Flavors: r-devel-linux-x86_64-fedora-clang, r-devel-linux-x86_64-fedora-gcc, r-patched-solaris-x86, r-release-macos-arm64, r-release-macos-x86_64, r-oldrel-macos-x86_64

Version: 0.2.5
Check: data for non-ASCII characters
Result: WARN
     Note: found 2833 marked UTF-8 strings
     Warning: found non-ASCII strings
     ' Yeni s<ef><bf><bd>r<ef><bf><bd>mde' in object 'Emails_test'
     ' future business <ef><bf><bd><ef><bf><bd><ef><bf><bd><ef><bf><bd><d1><ba><ef><bf><bd><d8><b3>!' in object 'Emails_test'
     ' Join & Get 4 DVDs for 49<ef><bf><bd> ea. (+shipping & processing)! Details Inside...' in object 'Emails_test'
     ' Robbie Williams signs <ef><bf><bd>80m deal' in object 'Emails_test'
     ' Robbie's <ef><bf><bd>80m deal puts EMI on new path' in object 'Emails_test'
     ' A-level student sues for <ef><bf><bd>100,000 over 'grade fixing'' in object 'Emails_test'
     ' Houses rise <ef><bf><bd>1,100 a week' in object 'Emails_test'
     ' [WM] greencard 2004 <ef><bf><bd>ekili<ef><bf><bd>ini ka<ef><bf><bd><ef><bf><bd>rmay<ef><bf><bd>n' in object 'Emails_train'
     ' [<ef><bf><bd><ef><bf><bd><ef><bf><bd><ef><bf><bd>] <ef><bf><bd><ef><bf><bd><ef><bf><bd><ef><bf><bd> <ef><bf><bd><df><b4><ef><bf><bd> <ef><bf><bd><ef><bf><bd><ef><bf><bd><ef><bf><bd> Best 5 & <ef><bf><bd><da><b0><ef><bf><bd><ef><bf><bd><ef><bf><bd> <ef><bf><bd><ef><bf><bd><ef><bf><bd><ef><bf><bd> <ef><bf><bd><ef><bf><bd><c7><b3>' in object 'Emails_train'
     ' [WM] <ef><bf><bd>z<ef><bf><bd>r dileriz' in object 'Emails_train'
     ' [ILUG] <ef><bf><bd><c2><b0><d3><b7>~<ef><bf><bd><ec><a4><bd><ef><bf><bd><c7><a5>X<ef><bf><bd><ef><bf><bd>' in object 'Emails_train'
     ' [WM] GREEN CARD CEK<ef><bf><bd>L<ef><bf><bd>S<ef><bf><bd> KACIRMAYIN' in object 'Emails_train'
     ' Grow Up And Be A Man!<ef><bf><bd> abm' in object 'Emails_train'
     ' future business <ef><bf><bd><ef><bf><bd><ef><bf><bd><ef><bf><bd><d1><ba><ef><bf><bd><d8><b3>!' in object 'Emails_train'
     ' Join & Get 4 DVDs for 49<ef><bf><bd> ea. (+shipping & processing)! Details Inside...' in object 'Emails_train'
     ' A "State of War" Declaration The Kingdom of EnenKio recognizes that an unresolved conflict of interests exists between it and the United States Government.<c2><a0> The United States government, admittedly at a time of colonial expansionism, appears to have violated the laws of nature and The Law of Nations in "taking possession" of sovereign property in the Northern Ratak State, which then had formal treaties with the Republic of Germany.<c2><a0> The explicitly immoral and illegal 1899 seizure of Marshallese homeland by agents of the federal government was the start of present day sentiments of deprivation of rights and dispossession of lands felt by many Marshallese.<c2><a0> Because of continual neglect misrepresentation and outright exploitation, these scars on Marshallese society have not healed. Thus a current state of adversity exists.<c2><a0> Following four years of attempts to cause the United States to evaluate the plight of the Marshallese of the Northern Ratak imposed by its actions with respect to Wake Island, the government of EnenKio, on behalf of the Marshallese King, issued the "'State of War', a Declaration" and broadcast it to the world.<c2><a0> The people were displaced from their native lands and kept as virtual prisoners of war, not by virtue of being kept in, but by virtue of being kept out.<c2><a0> It was through this pragmatic initiative that the Kingdom of EnenKio solicited support to heal the wounds inflicted upon the people and peacefully restore what was wrongfully taken from the ancestors of the Ratak Paramount Chief, King Murjel Hermios. In retrospect, the Declaration has had little visible effect.<c2><a0> While a state of adversity does exist, the hope for American recognition of past wrongs remains on the horizon.<c2><a0> The Kingdom of EnenKio does not condone nor tacitly sanction any act of belligerence by any person or agent of any government.<c2><a0> Such unnecessary means would diminish any hope of mutual reconciliation and could diplomatically undermine the cause of peace within the family of nations.<c2><a0> The Kingdom of EnenKio also does not wish to see any further damage to the remnant happiness of the Marshallese people. ' in object 'Emails_train'
     ' PFI hospital's <ef><bf><bd>97m pay bill could cost NHS billions' in object 'Emails_train'
     ' Gambler wins <ef><bf><bd>7,000 - and spends it all on horse shiat' in object 'Emails_train'
     ' Robbie Williams signs <ef><bf><bd>80m deal' in object 'Emails_train'
     ' Robbie's <ef><bf><bd>80m deal puts EMI on new path' in object 'Emails_train'
     ' Houses rise <ef><bf><bd>1,100 a week' in object 'Emails_train'
Flavor: r-devel-windows-x86_64-gcc10-UCRT

Version: 0.2.5
Check: installed package size
Result: NOTE
     installed size is 5.2Mb
     sub-directories of 1Mb or more:
     data 5.0Mb
Flavor: r-release-macos-arm64