CRAN Package Check Results for Package mdpeer

Last updated on 2022-10-06 06:49:39 CEST.

Flavor Version Tinstall Tcheck Ttotal Status Flags
r-devel-linux-x86_64-debian-clang 1.0.1 7.35 83.29 90.64 NOTE
r-devel-linux-x86_64-debian-gcc 1.0.1 5.20 60.91 66.11 NOTE
r-devel-linux-x86_64-fedora-clang 1.0.1 127.43 NOTE
r-devel-linux-x86_64-fedora-gcc 1.0.1 116.49 NOTE
r-devel-windows-x86_64 1.0.1 12.00 110.00 122.00 NOTE
r-patched-linux-x86_64 1.0.1 6.94 76.30 83.24 NOTE
r-release-linux-x86_64 1.0.1 4.53 75.68 80.21 NOTE
r-release-macos-arm64 1.0.1 33.00 NOTE
r-release-macos-x86_64 1.0.1 55.00 NOTE
r-release-windows-x86_64 1.0.1 13.00 110.00 123.00 NOTE
r-oldrel-macos-arm64 1.0.1 47.00 NOTE
r-oldrel-macos-x86_64 1.0.1 47.00 NOTE
r-oldrel-windows-ix86+x86_64 1.0.1 18.00 101.00 119.00 NOTE

Check Details

Version: 1.0.1
Check: LazyData
Result: NOTE
     'LazyData' is specified without a 'data' directory
Flavors: r-devel-linux-x86_64-debian-clang, r-devel-linux-x86_64-debian-gcc, r-devel-linux-x86_64-fedora-clang, r-devel-linux-x86_64-fedora-gcc, r-devel-windows-x86_64, r-patched-linux-x86_64, r-release-linux-x86_64, r-release-macos-arm64, r-release-macos-x86_64, r-release-windows-x86_64, r-oldrel-macos-arm64, r-oldrel-macos-x86_64, r-oldrel-windows-ix86+x86_64

Version: 1.0.1
Check: dependencies in R code
Result: NOTE
    Namespace in Imports field not imported from: ‘glmnet’
     All declared Imports should be used.
Flavors: r-devel-linux-x86_64-fedora-clang, r-devel-linux-x86_64-fedora-gcc, r-release-macos-arm64, r-release-macos-x86_64, r-oldrel-macos-arm64, r-oldrel-macos-x86_64