CRAN Package Check Results for Package mdgc

Last updated on 2021-10-24 13:55:42 CEST.

Flavor Version Tinstall Tcheck Ttotal Status Flags
r-devel-linux-x86_64-debian-clang 0.1.5 134.98 89.34 224.32 OK
r-devel-linux-x86_64-debian-gcc 0.1.5 103.73 62.63 166.36 OK
r-devel-linux-x86_64-fedora-clang 0.1.5 357.87 NOTE
r-devel-linux-x86_64-fedora-gcc 0.1.5 308.65 OK
r-devel-windows-x86_64 0.1.5 176.00 129.00 305.00 OK
r-devel-windows-x86_64-gcc10-UCRT 0.1.5 OK
r-patched-linux-x86_64 0.1.5 125.66 84.90 210.56 OK
r-patched-solaris-x86 0.1.5 195.20 OK
r-release-linux-x86_64 0.1.5 121.66 84.52 206.18 OK
r-release-macos-arm64 0.1.5 NOTE
r-release-macos-x86_64 0.1.5 NOTE
r-release-windows-ix86+x86_64 0.1.5 254.00 223.00 477.00 OK
r-oldrel-macos-x86_64 0.1.5 NOTE
r-oldrel-windows-ix86+x86_64 0.1.5 356.00 201.00 557.00 OK

Check Details

Version: 0.1.5
Check: installed package size
Result: NOTE
     installed size is 10.4Mb
     sub-directories of 1Mb or more:
     libs 10.0Mb
Flavors: r-devel-linux-x86_64-fedora-clang, r-release-macos-arm64, r-release-macos-x86_64, r-oldrel-macos-x86_64