CRAN Package Check Results for Package mda

Last updated on 2022-09-30 00:49:19 CEST.

Flavor Version Tinstall Tcheck Ttotal Status Flags
r-devel-linux-x86_64-debian-clang 0.5-3 9.02 40.84 49.86 NOTE
r-devel-linux-x86_64-debian-gcc 0.5-3 7.37 30.89 38.26 NOTE
r-devel-linux-x86_64-fedora-clang 0.5-3 72.22 NOTE
r-devel-linux-x86_64-fedora-gcc 0.5-3 68.78 NOTE
r-devel-windows-x86_64 0.5-3 31.00 70.00 101.00 NOTE
r-patched-linux-x86_64 0.5-3 9.38 37.99 47.37 OK
r-release-linux-x86_64 0.5-3 8.30 38.19 46.49 OK
r-release-macos-arm64 0.5-3 37.00 OK
r-release-macos-x86_64 0.5-3 34.00 OK
r-release-windows-x86_64 0.5-3 33.00 75.00 108.00 OK
r-oldrel-macos-arm64 0.5-3 34.00 OK
r-oldrel-macos-x86_64 0.5-3 34.00 OK
r-oldrel-windows-ix86+x86_64 0.5-3 36.00 75.00 111.00 OK

Check Details

Version: 0.5-3
Check: Rd files
Result: NOTE
    checkRd: (-1) glass.Rd:23: Escaped LaTeX specials: \_ \_ \_
    checkRd: (-1) glass.Rd:24: Escaped LaTeX specials: \_ \_ \_ \_
    checkRd: (-1) glass.Rd:25: Escaped LaTeX specials: \_ \_ \_
    checkRd: (-1) glass.Rd:26: Escaped LaTeX specials: \_ \_ \_ \_
Flavors: r-devel-linux-x86_64-debian-clang, r-devel-linux-x86_64-debian-gcc, r-devel-linux-x86_64-fedora-clang, r-devel-linux-x86_64-fedora-gcc, r-devel-windows-x86_64