CRAN Package Check Results for Package mclm

Last updated on 2024-02-26 21:52:56 CET.

Flavor Version Tinstall Tcheck Ttotal Status Flags
r-devel-linux-x86_64-debian-clang 0.2.7 33.19 124.38 157.57 OK
r-devel-linux-x86_64-debian-gcc 0.2.7 23.89 90.24 114.13 OK
r-devel-linux-x86_64-fedora-clang 0.2.7 199.28 NOTE
r-devel-linux-x86_64-fedora-gcc 0.2.7 185.78 OK
r-devel-windows-x86_64 0.2.7 26.00 140.00 166.00 OK
r-patched-linux-x86_64 0.2.7 29.70 121.05 150.75 OK
r-release-linux-x86_64 0.2.7 21.35 120.56 141.91 OK
r-release-macos-arm64 0.2.7 88.00 OK
r-release-macos-x86_64 0.2.7 139.00 OK
r-release-windows-x86_64 0.2.7 36.00 169.00 205.00 OK
r-oldrel-macos-arm64 0.2.7 82.00 OK
r-oldrel-windows-x86_64 0.2.7 34.00 179.00 213.00 OK

Check Details

Version: 0.2.7
Check: Rd cross-references
Result: NOTE Undeclared package ‘NLP’ in Rd xrefs Flavor: r-devel-linux-x86_64-fedora-clang