CRAN Package Check Results for Package mcglm

Last updated on 2021-11-26 19:52:55 CET.

Flavor Version Tinstall Tcheck Ttotal Status Flags
r-devel-linux-x86_64-debian-clang 0.7.0 64.50 133.58 198.08 OK
r-devel-linux-x86_64-debian-gcc 0.7.0 48.21 103.57 151.78 OK
r-devel-linux-x86_64-fedora-clang 0.7.0 272.85 NOTE
r-devel-linux-x86_64-fedora-gcc 0.7.0 248.47 OK
r-devel-windows-x86_64-new-UL 0.7.0 95.00 212.00 307.00 OK
r-devel-windows-x86_64-new-TK 0.7.0 OK
r-devel-windows-x86_64-old 0.7.0 59.00 180.00 239.00 OK
r-patched-linux-x86_64 0.7.0 56.73 133.14 189.87 OK
r-patched-solaris-x86 0.7.0 246.90 OK
r-release-linux-x86_64 0.7.0 OK
r-release-macos-arm64 0.7.0 NOTE
r-release-macos-x86_64 0.7.0 OK
r-release-windows-ix86+x86_64 0.7.0 151.00 172.00 323.00 OK

Check Details

Version: 0.7.0
Check: installed package size
Result: NOTE
     installed size is 5.1Mb
     sub-directories of 1Mb or more:
     doc 1.5Mb
     libs 3.1Mb
Flavors: r-devel-linux-x86_64-fedora-clang, r-release-macos-arm64