CRAN Package Check Results for Package mcca

Last updated on 2024-06-17 21:51:59 CEST.

Flavor Version Tinstall Tcheck Ttotal Status Flags
r-devel-linux-x86_64-debian-clang 0.7.0 18.00 140.83 158.83 NOTE
r-devel-linux-x86_64-debian-gcc 0.7.0 15.55 106.16 121.71 NOTE
r-devel-linux-x86_64-fedora-clang 0.7.0 202.21 NOTE
r-devel-linux-x86_64-fedora-gcc 0.7.0 186.19 NOTE
r-devel-windows-x86_64 0.7.0 15.00 113.00 128.00 NOTE
r-patched-linux-x86_64 0.7.0 13.12 134.85 147.97 NOTE
r-release-linux-x86_64 0.7.0 11.92 137.83 149.75 NOTE
r-release-macos-arm64 0.7.0 51.00 NOTE
r-release-macos-x86_64 0.7.0 74.00 NOTE
r-release-windows-x86_64 0.7.0 15.00 119.00 134.00 NOTE
r-oldrel-macos-arm64 0.7.0 53.00 NOTE
r-oldrel-macos-x86_64 0.7.0 93.00 NOTE
r-oldrel-windows-x86_64 0.7.0 20.00 144.00 164.00 NOTE

Check Details

Version: 0.7.0
Check: LazyData
Result: NOTE 'LazyData' is specified without a 'data' directory Flavors: r-devel-linux-x86_64-debian-clang, r-devel-linux-x86_64-debian-gcc, r-devel-linux-x86_64-fedora-clang, r-devel-linux-x86_64-fedora-gcc, r-devel-windows-x86_64, r-patched-linux-x86_64, r-release-linux-x86_64, r-release-macos-arm64, r-release-macos-x86_64, r-release-windows-x86_64, r-oldrel-macos-arm64, r-oldrel-macos-x86_64, r-oldrel-windows-x86_64