CRAN Package Check Results for Package mcca

Last updated on 2021-08-01 13:49:40 CEST.

Flavor Version Tinstall Tcheck Ttotal Status Flags
r-devel-linux-x86_64-debian-clang 0.7.0 16.29 130.47 146.76 NOTE
r-devel-linux-x86_64-debian-gcc 0.7.0 12.17 96.91 109.08 NOTE
r-devel-linux-x86_64-fedora-clang 0.7.0 176.63 NOTE
r-devel-linux-x86_64-fedora-gcc 0.7.0 163.91 NOTE
r-devel-windows-x86_64 0.7.0 35.00 149.00 184.00 NOTE
r-devel-windows-x86_64-gcc10-UCRT 0.7.0 NOTE
r-patched-linux-x86_64 0.7.0 NOTE
r-patched-solaris-x86 0.7.0 237.10 NOTE
r-release-linux-x86_64 0.7.0 13.67 120.88 134.55 NOTE
r-release-macos-arm64 0.7.0 NOTE
r-release-macos-x86_64 0.7.0 NOTE
r-release-windows-ix86+x86_64 0.7.0 35.00 108.00 143.00 NOTE
r-oldrel-macos-x86_64 0.7.0 OK
r-oldrel-windows-ix86+x86_64 0.7.0 42.00 163.00 205.00 OK

Check Details

Version: 0.7.0
Check: LazyData
Result: NOTE
     'LazyData' is specified without a 'data' directory
Flavors: r-devel-linux-x86_64-debian-clang, r-devel-linux-x86_64-debian-gcc, r-devel-linux-x86_64-fedora-clang, r-devel-linux-x86_64-fedora-gcc, r-devel-windows-x86_64, r-devel-windows-x86_64-gcc10-UCRT, r-patched-linux-x86_64, r-patched-solaris-x86, r-release-linux-x86_64, r-release-macos-arm64, r-release-macos-x86_64, r-release-windows-ix86+x86_64