CRAN Package Check Results for Package mc.heterogeneity

Last updated on 2024-06-21 12:56:21 CEST.

Flavor Version Tinstall Tcheck Ttotal Status Flags
r-devel-linux-x86_64-debian-clang 0.1.2 7.55 75.50 83.05 NOTE
r-devel-linux-x86_64-debian-gcc 0.1.2 5.80 58.80 64.60 NOTE
r-devel-linux-x86_64-fedora-clang 0.1.2 106.54 NOTE
r-devel-linux-x86_64-fedora-gcc 0.1.2 113.71 NOTE
r-devel-windows-x86_64 0.1.2 7.00 73.00 80.00 NOTE
r-patched-linux-x86_64 0.1.2 6.40 75.08 81.48 NOTE
r-release-linux-x86_64 0.1.2 7.05 74.77 81.82 NOTE
r-release-macos-arm64 0.1.2 38.00 NOTE
r-release-macos-x86_64 0.1.2 87.00 NOTE
r-release-windows-x86_64 0.1.2 8.00 73.00 81.00 NOTE
r-oldrel-macos-arm64 0.1.2 43.00 NOTE
r-oldrel-macos-x86_64 0.1.2 67.00 NOTE
r-oldrel-windows-x86_64 0.1.2 11.00 89.00 100.00 NOTE

Check Details

Version: 0.1.2
Check: Rd files
Result: NOTE checkRd: (-1) mc.lnOR.Rd:7: Escaped LaTeX specials: \& Flavors: r-devel-linux-x86_64-debian-clang, r-devel-linux-x86_64-debian-gcc, r-devel-linux-x86_64-fedora-clang, r-devel-linux-x86_64-fedora-gcc, r-devel-windows-x86_64, r-patched-linux-x86_64, r-release-linux-x86_64, r-release-macos-arm64, r-release-macos-x86_64, r-release-windows-x86_64, r-oldrel-macos-arm64, r-oldrel-macos-x86_64, r-oldrel-windows-x86_64

Version: 0.1.2
Check: LazyData
Result: NOTE 'LazyData' is specified without a 'data' directory Flavors: r-devel-linux-x86_64-debian-clang, r-devel-linux-x86_64-debian-gcc, r-devel-linux-x86_64-fedora-clang, r-devel-linux-x86_64-fedora-gcc, r-devel-windows-x86_64, r-patched-linux-x86_64, r-release-linux-x86_64, r-release-macos-arm64, r-release-macos-x86_64, r-release-windows-x86_64, r-oldrel-macos-arm64, r-oldrel-macos-x86_64, r-oldrel-windows-x86_64

Version: 0.1.2
Check: dependencies in R code
Result: NOTE Namespace in Imports field not imported from: ‘boot.heterogeneity’ All declared Imports should be used. Flavors: r-devel-linux-x86_64-fedora-clang, r-devel-linux-x86_64-fedora-gcc