CRAN Package Check Results for Package matsbyname

Last updated on 2024-06-13 00:55:22 CEST.

Flavor Version Tinstall Tcheck Ttotal Status Flags
r-devel-linux-x86_64-debian-clang 0.6.10 9.62 190.60 200.22 OK
r-devel-linux-x86_64-debian-gcc 0.6.10 0.35 1.94 2.29 ERROR
r-devel-linux-x86_64-fedora-clang 0.6.10 242.56 OK
r-devel-linux-x86_64-fedora-gcc 0.6.10 236.65 OK
r-devel-windows-x86_64 0.6.10 8.00 153.00 161.00 OK
r-patched-linux-x86_64 0.6.10 6.90 176.09 182.99 OK
r-release-linux-x86_64 0.6.10 5.41 175.51 180.92 OK
r-release-macos-arm64 0.6.10 65.00 OK
r-release-macos-x86_64 0.6.10 93.00 OK
r-release-windows-x86_64 0.6.10 9.00 149.00 158.00 OK
r-oldrel-macos-arm64 0.6.10 69.00 OK
r-oldrel-macos-x86_64 0.6.10 119.00 OK
r-oldrel-windows-x86_64 0.6.10 11.00 181.00 192.00 OK

Check Details

Version: 0.6.10
Check: package dependencies
Result: ERROR Packages required but not available: 'dplyr', 'purrr', 'RCLabels', 'tibble' Packages suggested but not available for checking: 'bench', 'Hmisc', 'matsindf', 'testthat', 'tidyr' See section ‘The DESCRIPTION file’ in the ‘Writing R Extensions’ manual. Flavor: r-devel-linux-x86_64-debian-gcc