Last updated on 2023-03-26 18:54:41 CEST.
Flavor | Version | Tinstall | Tcheck | Ttotal | Status | Flags |
---|---|---|---|---|---|---|
r-devel-linux-x86_64-debian-clang | 0.1.9 | 138.11 | 36.58 | 174.69 | NOTE | |
r-devel-linux-x86_64-debian-gcc | 0.1.9 | 121.50 | 28.45 | 149.95 | NOTE | |
r-devel-linux-x86_64-fedora-clang | 0.1.9 | 272.49 | NOTE | |||
r-devel-linux-x86_64-fedora-gcc | 0.1.9 | 261.64 | NOTE | |||
r-patched-linux-x86_64 | 0.1.9 | 137.03 | 35.71 | 172.74 | NOTE | |
r-release-linux-x86_64 | 0.1.9 | 122.36 | 35.79 | 158.15 | NOTE | |
r-release-macos-arm64 | 0.1.9 | 63.00 | NOTE | |||
r-release-macos-x86_64 | 0.1.9 | 85.00 | NOTE | |||
r-release-windows-x86_64 | 0.1.9 | 168.00 | 99.00 | 267.00 | NOTE | |
r-oldrel-macos-arm64 | 0.1.9 | 62.00 | NOTE | |||
r-oldrel-macos-x86_64 | 0.1.9 | 87.00 | NOTE | |||
r-oldrel-windows-ix86+x86_64 | 0.1.9 | 342.00 | 101.00 | 443.00 | NOTE |
Version: 0.1.9
Check: C++ specification
Result: NOTE
Specified C++11: please drop specification unless essential
Flavors: r-devel-linux-x86_64-debian-clang, r-devel-linux-x86_64-debian-gcc, r-devel-linux-x86_64-fedora-clang, r-devel-linux-x86_64-fedora-gcc, r-patched-linux-x86_64
Version: 0.1.9
Check: for GNU extensions in Makefiles
Result: NOTE
GNU make is a SystemRequirements.
Flavors: r-devel-linux-x86_64-debian-clang, r-devel-linux-x86_64-debian-gcc, r-devel-linux-x86_64-fedora-clang, r-devel-linux-x86_64-fedora-gcc, r-patched-linux-x86_64, r-release-linux-x86_64, r-release-macos-arm64, r-release-macos-x86_64, r-release-windows-x86_64, r-oldrel-macos-arm64, r-oldrel-macos-x86_64, r-oldrel-windows-ix86+x86_64
Version: 0.1.9
Check: installed package size
Result: NOTE
installed size is 8.5Mb
sub-directories of 1Mb or more:
libs 8.3Mb
Flavors: r-release-macos-arm64, r-release-macos-x86_64, r-oldrel-macos-arm64, r-oldrel-macos-x86_64