CRAN Package Check Results for Package matrixdist

Last updated on 2021-11-26 19:52:55 CET.

Flavor Version Tinstall Tcheck Ttotal Status Flags
r-devel-linux-x86_64-debian-clang 1.1.3 146.71 50.30 197.01 OK
r-devel-linux-x86_64-debian-gcc 1.1.3 100.47 37.54 138.01 OK
r-devel-linux-x86_64-fedora-clang 1.1.3 320.39 NOTE
r-devel-linux-x86_64-fedora-gcc 1.1.3 254.86 OK
r-devel-windows-x86_64-new-UL 1.1.3 181.00 130.00 311.00 OK
r-devel-windows-x86_64-new-TK 1.1.3 OK
r-devel-windows-x86_64-old 1.1.3 120.00 84.00 204.00 OK
r-patched-linux-x86_64 1.1.3 114.99 46.47 161.46 OK
r-patched-solaris-x86 1.1.3 214.70 OK
r-release-linux-x86_64 1.1.3 OK
r-release-macos-arm64 1.1.3 NOTE
r-release-macos-x86_64 1.1.3 NOTE
r-release-windows-ix86+x86_64 1.1.3 329.00 91.00 420.00 OK
r-oldrel-macos-x86_64 1.1.3 NOTE
r-oldrel-windows-ix86+x86_64 1.1.3 239.00 110.00 349.00 OK

Check Details

Version: 1.1.3
Check: installed package size
Result: NOTE
     installed size is 7.5Mb
     sub-directories of 1Mb or more:
     libs 7.0Mb
Flavors: r-devel-linux-x86_64-fedora-clang, r-release-macos-arm64, r-release-macos-x86_64, r-oldrel-macos-x86_64