CRAN Package Check Results for Package matrixcalc

Last updated on 2022-08-14 12:53:22 CEST.

Flavor Version Tinstall Tcheck Ttotal Status Flags
r-devel-linux-x86_64-debian-clang 1.0-5 4.12 33.13 37.25 NOTE
r-devel-linux-x86_64-debian-gcc 1.0-5 2.26 25.60 27.86 NOTE
r-devel-linux-x86_64-fedora-clang 1.0-5 52.26 OK
r-devel-linux-x86_64-fedora-gcc 1.0-5 57.61 NOTE
r-devel-windows-x86_64 1.0-5 73.00 59.00 132.00 OK
r-patched-linux-x86_64 1.0-5 4.40 30.94 35.34 OK
r-release-linux-x86_64 1.0-5 3.68 30.53 34.21 OK
r-release-macos-arm64 1.0-5 17.00 OK
r-release-macos-x86_64 1.0-5 26.00 OK
r-release-windows-x86_64 1.0-5 12.00 58.00 70.00 OK
r-oldrel-macos-arm64 1.0-5 18.00 OK
r-oldrel-macos-x86_64 1.0-5 28.00 OK
r-oldrel-windows-ix86+x86_64 1.0-5 7.00 32.00 39.00 OK

Check Details

Version: 1.0-5
Check: HTML version of manual
Result: NOTE
    Found the following math rendering problems:
    E.matrices.Rd:17-19: Unknown column alignment: * in ...{\begin{array}{*{20}{c}}
     {{{\...
    H.matrices.Rd:16-18: Unknown column alignment: * in ...{\begin{array}{*{20}{c}}
     {{{\...
    H.matrices.Rd:21-23: Unknown column alignment: * in ...{\begin{array}{*{20}{c}}
     {{{\...
    T.matrices.Rd:19-22: Unknown column alignment: * in ...{\begin{array}{*{20}{c}}
     {{{\bf...
    creation.matrix.Rd:18-25: Unknown column alignment: * in ...{\begin{array}{*{20}{c}}
     0&0&0&...
    direct.prod.Rd:18-23: Unknown column alignment: * in ...{\begin{array}{*{20}{c}}
     {{x_{1...
    direct.sum.Rd:20-23: Unknown column alignment: * in ...{\begin{array}{*{20}c}
     {\bf{...
    entrywise.norm.Rd:16-18: Invalid size: '-' in ... \right.
     \kern-\nulldelimiters...
    fibonacci.matrix.Rd:19-22: Unknown column alignment: * in ...{\begin{array}{*{20}{c}}
     {{f_{i...
    frobenius.matrix.Rd:17-24: Unknown column alignment: * in ...{\begin{array}{*{20}{c}}0&0& \c...
    hadamard.prod.Rd:17-22: Unknown column alignment: * in ...{\begin{array}{*{20}{c}}
     {{x_{1...
    hilbert.matrix.Rd:15-17: Invalid size: '-' in ... \right.
     \kern-\nulldelimiters...
    s.Rd:20-23: Unknown column alignment: * in ...{\begin{array}{*{20}c}
     {\bf{...
    spectral.norm.Rd:17-19: Unknown column alignment: * in ...{\begin{array}{*{20}c}
     {\lam...
    stirling.matrix.Rd:20: Unknown column alignment: * in ...{\begin{array}{*{20}{c}}i\\j\en...
    stirling.matrix.Rd:27-33: Unknown column alignment: * in ...{\begin{array}{*{20}{c}}
     {S_0^0...
    symmetric.pascal.matrix.Rd:16-18: Invalid size: '-' in ... \right.
     \kern-\nulldelimiters...
    vandermonde.matrix.Rd:16-18: Unknown column alignment: * in ...{\begin{array}{*{20}{c}}
     {{\alp...
    vandermonde.matrix.Rd:19-25: Unknown column alignment: * in ...{\begin{array}{*{20}{c}}
     1&{{\a...
Flavors: r-devel-linux-x86_64-debian-clang, r-devel-linux-x86_64-debian-gcc, r-devel-linux-x86_64-fedora-gcc