CRAN Package Check Results for Package matman

Last updated on 2021-06-21 19:48:53 CEST.

Flavor Version Tinstall Tcheck Ttotal Status Flags
r-devel-linux-x86_64-debian-clang 1.1.2 17.76 145.33 163.09 OK
r-devel-linux-x86_64-debian-gcc 1.1.2 14.13 102.76 116.89 OK
r-devel-linux-x86_64-fedora-clang 1.1.2 194.42 OK
r-devel-linux-x86_64-fedora-gcc 1.1.2 180.93 OK
r-devel-windows-x86_64 1.1.2 28.00 133.00 161.00 OK
r-devel-windows-x86_64-gcc10-UCRT 1.1.2 ERROR
r-patched-linux-x86_64 1.1.2 16.09 132.30 148.39 OK
r-patched-solaris-x86 1.1.2 274.90 OK
r-release-linux-x86_64 1.1.2 15.81 132.74 148.55 OK
r-release-macos-arm64 1.1.2 OK
r-release-macos-x86_64 1.1.2 OK
r-release-windows-ix86+x86_64 1.1.2 39.00 182.00 221.00 OK
r-oldrel-macos-x86_64 1.1.2 OK

Check Details

Version: 1.1.2
Check: package dependencies
Result: ERROR
    Packages required but not available: 'tidyverse', 'plotly', 'forecast'
    
    See section 'The DESCRIPTION file' in the 'Writing R Extensions'
    manual.
Flavor: r-devel-windows-x86_64-gcc10-UCRT