CRAN Package Check Results for Package mathpix

Last updated on 2021-08-01 13:49:40 CEST.

Flavor Version Tinstall Tcheck Ttotal Status Flags
r-devel-linux-x86_64-debian-clang 0.4.0 2.40 26.66 29.06 NOTE
r-devel-linux-x86_64-debian-gcc 0.4.0 1.74 21.27 23.01 NOTE
r-devel-linux-x86_64-fedora-clang 0.4.0 44.90 NOTE
r-devel-linux-x86_64-fedora-gcc 0.4.0 33.77 NOTE
r-devel-windows-x86_64 0.4.0 4.00 45.00 49.00 NOTE
r-devel-windows-x86_64-gcc10-UCRT 0.4.0 NOTE
r-patched-linux-x86_64 0.4.0 NOTE
r-patched-solaris-x86 0.4.0 56.70 NOTE
r-release-linux-x86_64 0.4.0 2.32 25.84 28.16 NOTE
r-release-macos-arm64 0.4.0 NOTE
r-release-macos-x86_64 0.4.0 NOTE
r-release-windows-ix86+x86_64 0.4.0 6.00 33.00 39.00 NOTE
r-oldrel-macos-x86_64 0.4.0 OK
r-oldrel-windows-ix86+x86_64 0.4.0 5.00 49.00 54.00 OK

Check Details

Version: 0.4.0
Check: LazyData
Result: NOTE
     'LazyData' is specified without a 'data' directory
Flavors: r-devel-linux-x86_64-debian-clang, r-devel-linux-x86_64-debian-gcc, r-devel-linux-x86_64-fedora-clang, r-devel-linux-x86_64-fedora-gcc, r-devel-windows-x86_64, r-devel-windows-x86_64-gcc10-UCRT, r-patched-linux-x86_64, r-patched-solaris-x86, r-release-linux-x86_64, r-release-macos-arm64, r-release-macos-x86_64, r-release-windows-ix86+x86_64