CRAN Package Check Results for Package matchingMarkets

Last updated on 2022-10-04 00:51:40 CEST.

Flavor Version Tinstall Tcheck Ttotal Status Flags
r-devel-linux-x86_64-debian-clang 1.0-2 220.53 165.86 386.39 OK
r-devel-linux-x86_64-debian-gcc 1.0-2 174.98 118.52 293.50 OK
r-devel-linux-x86_64-fedora-clang 1.0-2 541.83 NOTE
r-devel-linux-x86_64-fedora-gcc 1.0-2 492.92 OK
r-devel-windows-x86_64 1.0-2 232.00 256.00 488.00 NOTE
r-patched-linux-x86_64 1.0-2 173.83 154.47 328.30 OK
r-release-linux-x86_64 1.0-2 184.11 152.43 336.54 OK
r-release-macos-arm64 1.0-2 136.00 NOTE
r-release-macos-x86_64 1.0-2 157.00 NOTE
r-release-windows-x86_64 1.0-2 201.00 245.00 446.00 NOTE
r-oldrel-macos-arm64 1.0-2 182.00 NOTE
r-oldrel-macos-x86_64 1.0-2 226.00 NOTE
r-oldrel-windows-ix86+x86_64 1.0-2 508.00 241.00 749.00 NOTE

Check Details

Version: 1.0-2
Check: installed package size
Result: NOTE
     installed size is 5.4Mb
     sub-directories of 1Mb or more:
     java 3.3Mb
Flavors: r-devel-linux-x86_64-fedora-clang, r-devel-windows-x86_64, r-release-macos-arm64, r-release-macos-x86_64, r-release-windows-x86_64, r-oldrel-macos-arm64, r-oldrel-macos-x86_64, r-oldrel-windows-ix86+x86_64