CRAN Package Check Results for Package matahari

Last updated on 2021-07-23 19:50:07 CEST.

Flavor Version Tinstall Tcheck Ttotal Status Flags
r-devel-linux-x86_64-debian-clang 0.1.3 3.78 39.61 43.39 NOTE
r-devel-linux-x86_64-debian-gcc 0.1.3 2.79 30.47 33.26 NOTE
r-devel-linux-x86_64-fedora-clang 0.1.3 61.44 NOTE
r-devel-linux-x86_64-fedora-gcc 0.1.3 49.86 NOTE
r-devel-windows-x86_64 0.1.3 5.00 45.00 50.00 NOTE
r-devel-windows-x86_64-gcc10-UCRT 0.1.3 NOTE
r-patched-linux-x86_64 0.1.3 3.69 36.98 40.67 NOTE
r-patched-solaris-x86 0.1.3 75.70 NOTE
r-release-linux-x86_64 0.1.3 3.38 37.53 40.91 NOTE
r-release-macos-arm64 0.1.3 NOTE
r-release-macos-x86_64 0.1.3 NOTE
r-release-windows-ix86+x86_64 0.1.3 9.00 44.00 53.00 NOTE
r-oldrel-macos-x86_64 0.1.3 OK
r-oldrel-windows-ix86+x86_64 0.1.3 9.00 52.00 61.00 OK

Check Details

Version: 0.1.3
Check: LazyData
Result: NOTE
     'LazyData' is specified without a 'data' directory
Flavors: r-devel-linux-x86_64-debian-clang, r-devel-linux-x86_64-debian-gcc, r-devel-linux-x86_64-fedora-clang, r-devel-linux-x86_64-fedora-gcc, r-devel-windows-x86_64, r-devel-windows-x86_64-gcc10-UCRT, r-patched-linux-x86_64, r-patched-solaris-x86, r-release-linux-x86_64, r-release-macos-arm64, r-release-macos-x86_64, r-release-windows-ix86+x86_64