CRAN Package Check Results for Package mashr

Last updated on 2021-10-22 20:49:06 CEST.

Flavor Version Tinstall Tcheck Ttotal Status Flags
r-devel-linux-x86_64-debian-clang 0.2.50 62.78 275.87 338.65 NOTE
r-devel-linux-x86_64-debian-gcc 0.2.50 49.99 203.35 253.34 NOTE
r-devel-linux-x86_64-fedora-clang 0.2.50 430.67 NOTE
r-devel-linux-x86_64-fedora-gcc 0.2.50 404.07 NOTE
r-devel-windows-x86_64 0.2.50 82.00 352.00 434.00 NOTE
r-devel-windows-x86_64-gcc10-UCRT 0.2.50 NOTE
r-patched-linux-x86_64 0.2.50 58.83 276.77 335.60 NOTE
r-patched-solaris-x86 0.2.50 287.70 NOTE
r-release-linux-x86_64 0.2.50 58.82 275.36 334.18 NOTE
r-release-macos-arm64 0.2.50 NOTE
r-release-macos-x86_64 0.2.50 NOTE
r-release-windows-ix86+x86_64 0.2.50 111.00 468.00 579.00 NOTE
r-oldrel-macos-x86_64 0.2.50 NOTE
r-oldrel-windows-ix86+x86_64 0.2.50 153.00 472.00 625.00 NOTE

Check Details

Version: 0.2.50
Check: package dependencies
Result: NOTE
    Package suggested but not available for checking: 'flashr'
Flavors: r-devel-linux-x86_64-debian-clang, r-devel-linux-x86_64-debian-gcc, r-devel-linux-x86_64-fedora-clang, r-devel-linux-x86_64-fedora-gcc, r-devel-windows-x86_64, r-devel-windows-x86_64-gcc10-UCRT, r-patched-linux-x86_64, r-release-linux-x86_64, r-release-macos-arm64, r-release-macos-x86_64, r-release-windows-ix86+x86_64, r-oldrel-macos-x86_64, r-oldrel-windows-ix86+x86_64

Version: 0.2.50
Check: installed package size
Result: NOTE
     installed size is 5.4Mb
     sub-directories of 1Mb or more:
     libs 4.5Mb
Flavors: r-devel-linux-x86_64-fedora-clang, r-release-macos-arm64, r-release-macos-x86_64, r-oldrel-macos-x86_64

Version: 0.2.50
Check: package dependencies
Result: NOTE
    Packages suggested but not available for checking: 'REBayes', 'flashr'
Flavor: r-patched-solaris-x86