CRAN Package Check Results for Package marmap

Last updated on 2021-10-22 20:49:06 CEST.

Flavor Version Tinstall Tcheck Ttotal Status Flags
r-devel-linux-x86_64-debian-clang 1.0.5 25.42 309.27 334.69 OK
r-devel-linux-x86_64-debian-gcc 1.0.5 22.25 226.95 249.20 OK
r-devel-linux-x86_64-fedora-clang 1.0.5 407.95 OK
r-devel-linux-x86_64-fedora-gcc 1.0.5 396.54 OK
r-devel-windows-x86_64 1.0.5 44.00 360.00 404.00 OK
r-devel-windows-x86_64-gcc10-UCRT 1.0.5 ERROR
r-patched-linux-x86_64 1.0.5 30.23 295.91 326.14 OK
r-patched-solaris-x86 1.0.5 514.90 OK
r-release-linux-x86_64 1.0.5 26.44 296.82 323.26 OK
r-release-macos-arm64 1.0.5 OK
r-release-macos-x86_64 1.0.5 OK
r-release-windows-ix86+x86_64 1.0.5 52.00 348.00 400.00 OK
r-oldrel-macos-x86_64 1.0.5 OK
r-oldrel-windows-ix86+x86_64 1.0.5 34.00 222.00 256.00 OK

Check Details

Version: 1.0.5
Check: package dependencies
Result: ERROR
    Package required but not available: 'gdistance'
    
    See section 'The DESCRIPTION file' in the 'Writing R Extensions'
    manual.
Flavor: r-devel-windows-x86_64-gcc10-UCRT